Last updated on 2020-09-17 02:08:19 CEST.
Flavor | Version | Tinstall | Tcheck | Ttotal | Status | Flags |
---|---|---|---|---|---|---|
r-devel-linux-x86_64-debian-clang | 1.1.1 | 7.41 | 160.63 | 168.04 | OK | |
r-devel-linux-x86_64-debian-gcc | 1.1.1 | 5.79 | 119.68 | 125.47 | OK | |
r-devel-linux-x86_64-fedora-clang | 1.1.1 | 214.84 | NOTE | |||
r-devel-linux-x86_64-fedora-gcc | 1.1.1 | 195.80 | NOTE | |||
r-devel-windows-ix86+x86_64 | 1.1.1 | 16.00 | 195.00 | 211.00 | OK | |
r-patched-linux-x86_64 | 1.1.1 | 5.82 | 151.90 | 157.72 | OK | |
r-patched-solaris-x86 | 1.1.1 | 272.40 | NOTE | |||
r-release-linux-x86_64 | 1.1.1 | 5.88 | 151.94 | 157.82 | OK | |
r-release-macos-x86_64 | 1.1.1 | NOTE | ||||
r-release-windows-ix86+x86_64 | 1.1.1 | 16.00 | 193.00 | 209.00 | OK | |
r-oldrel-macos-x86_64 | 1.1.1 | NOTE | ||||
r-oldrel-windows-ix86+x86_64 | 1.1.1 | 15.00 | 189.00 | 204.00 | OK |
Version: 1.1.1
Check: dependencies in R code
Result: NOTE
Namespaces in Imports field not imported from:
‘hexbin’ ‘quantreg’
All declared Imports should be used.
Flavors: r-devel-linux-x86_64-fedora-clang, r-devel-linux-x86_64-fedora-gcc, r-patched-solaris-x86, r-release-macos-x86_64, r-oldrel-macos-x86_64