Last updated on 2020-09-17 02:08:19 CEST.
Flavor | Version | Tinstall | Tcheck | Ttotal | Status | Flags |
---|---|---|---|---|---|---|
r-devel-linux-x86_64-debian-clang | 1.8.6 | 22.74 | 68.43 | 91.17 | OK | |
r-devel-linux-x86_64-debian-gcc | 1.8.6 | 15.16 | 51.40 | 66.56 | OK | |
r-devel-linux-x86_64-fedora-clang | 1.8.6 | 128.80 | OK | |||
r-devel-linux-x86_64-fedora-gcc | 1.8.6 | 109.06 | OK | |||
r-devel-windows-ix86+x86_64 | 1.8.6 | 2.00 | 6.00 | 8.00 | ERROR | |
r-patched-linux-x86_64 | 1.8.6 | 17.85 | 67.67 | 85.52 | OK | |
r-patched-solaris-x86 | 1.8.6 | 130.40 | OK | |||
r-release-linux-x86_64 | 1.8.6 | 16.63 | 68.45 | 85.08 | OK | |
r-release-macos-x86_64 | 1.8.6 | OK | ||||
r-release-windows-ix86+x86_64 | 1.8.6 | 49.00 | 123.00 | 172.00 | OK | |
r-oldrel-macos-x86_64 | 1.8.6 | NOTE | ||||
r-oldrel-windows-ix86+x86_64 | 1.8.6 | 33.00 | 150.00 | 183.00 | OK |
Version: 1.8.6
Check: whether package can be installed
Result: ERROR
Installation failed.
Flavor: r-devel-windows-ix86+x86_64
Version: 1.8.6
Check: dependencies in R code
Result: NOTE
No protocol specified
No protocol specified
Flavor: r-oldrel-macos-x86_64