CRAN Package Check Results for Package pointblank

Last updated on 2020-09-17 02:08:19 CEST.

Flavor Version Tinstall Tcheck Ttotal Status Flags
r-devel-linux-x86_64-debian-clang 0.5.2 12.70 281.71 294.41 OK
r-devel-linux-x86_64-debian-gcc 0.5.2 10.44 205.57 216.01 OK
r-devel-linux-x86_64-fedora-clang 0.5.2 368.41 NOTE
r-devel-linux-x86_64-fedora-gcc 0.5.2 361.93 OK
r-devel-windows-ix86+x86_64 0.5.2 24.00 267.00 291.00 OK
r-patched-linux-x86_64 0.5.2 13.60 270.40 284.00 OK
r-patched-solaris-x86 0.5.2 404.80 NOTE
r-release-linux-x86_64 0.5.2 13.29 275.15 288.44 OK
r-release-macos-x86_64 0.5.2 OK
r-release-windows-ix86+x86_64 0.5.2 26.00 355.00 381.00 OK
r-oldrel-macos-x86_64 0.5.2 OK
r-oldrel-windows-ix86+x86_64 0.5.2 21.00 323.00 344.00 OK

Check Details

Version: 0.5.2
Check: package dependencies
Result: NOTE
    Imports includes 22 non-default packages.
    Importing from so many packages makes the package vulnerable to any of
    them becoming unavailable. Move as many as possible to Suggests and
    use conditionally.
Flavor: r-devel-linux-x86_64-fedora-clang

Version: 0.5.2
Check: package dependencies
Result: NOTE
    Package suggested but not available for checking: ‘RPostgres’
Flavor: r-patched-solaris-x86