Last updated on 2020-09-17 02:08:20 CEST.
Flavor | Version | Tinstall | Tcheck | Ttotal | Status | Flags |
---|---|---|---|---|---|---|
r-devel-linux-x86_64-debian-clang | 0.1.2 | 3.51 | 97.55 | 101.06 | OK | |
r-devel-linux-x86_64-debian-gcc | 0.1.2 | 2.55 | 74.66 | 77.21 | OK | |
r-devel-linux-x86_64-fedora-clang | 0.1.2 | 132.82 | NOTE | |||
r-devel-linux-x86_64-fedora-gcc | 0.1.2 | 119.66 | NOTE | |||
r-devel-windows-ix86+x86_64 | 0.1.2 | 27.00 | 140.00 | 167.00 | OK | |
r-patched-linux-x86_64 | 0.1.2 | 3.11 | 94.13 | 97.24 | OK | |
r-patched-solaris-x86 | 0.1.2 | 169.10 | NOTE | |||
r-release-linux-x86_64 | 0.1.2 | 3.59 | 95.26 | 98.85 | OK | |
r-release-macos-x86_64 | 0.1.2 | NOTE | ||||
r-release-windows-ix86+x86_64 | 0.1.2 | 27.00 | 162.00 | 189.00 | OK | |
r-oldrel-macos-x86_64 | 0.1.2 | NOTE | ||||
r-oldrel-windows-ix86+x86_64 | 0.1.2 | 24.00 | 157.00 | 181.00 | OK |
Version: 0.1.2
Check: dependencies in R code
Result: NOTE
Namespaces in Imports field not imported from:
‘R.cache’ ‘docopt’ ‘here’
All declared Imports should be used.
Flavors: r-devel-linux-x86_64-fedora-clang, r-devel-linux-x86_64-fedora-gcc, r-patched-solaris-x86, r-release-macos-x86_64, r-oldrel-macos-x86_64