CRAN Package Check Results for Package predictoR

Last updated on 2020-09-17 02:08:20 CEST.

Flavor Version Tinstall Tcheck Ttotal Status Flags
r-devel-linux-x86_64-debian-clang 1.1.3 2.55 18.74 21.29 OK
r-devel-linux-x86_64-debian-gcc 1.1.3 1.83 14.80 16.63 OK
r-devel-linux-x86_64-fedora-clang 1.1.3 37.34 NOTE
r-devel-linux-x86_64-fedora-gcc 1.1.3 26.20 NOTE
r-devel-windows-ix86+x86_64 1.1.3 8.00 36.00 44.00 OK
r-patched-linux-x86_64 1.1.3 2.42 18.37 20.79 OK
r-patched-solaris-x86 1.1.3 41.30 NOTE
r-release-linux-x86_64 1.1.3 2.63 18.39 21.02 OK
r-release-macos-x86_64 1.1.3 NOTE
r-release-windows-ix86+x86_64 1.1.3 9.00 37.00 46.00 OK
r-oldrel-macos-x86_64 1.1.3 NOTE
r-oldrel-windows-ix86+x86_64 1.1.3 18.00 34.00 52.00 OK

Check Details

Version: 1.1.3
Check: package dependencies
Result: NOTE
    Imports includes 22 non-default packages.
    Importing from so many packages makes the package vulnerable to any of
    them becoming unavailable. Move as many as possible to Suggests and
    use conditionally.
Flavor: r-devel-linux-x86_64-fedora-clang

Version: 1.1.3
Check: dependencies in R code
Result: NOTE
    Namespaces in Imports field not imported from:
     ‘DT’ ‘ROCR’ ‘ada’ ‘colourpicker’ ‘corrplot’ ‘e1071’ ‘flexdashboard’
     ‘glmnet’ ‘kknn’ ‘neuralnet’ ‘plyr’ ‘randomForest’ ‘rattle’ ‘rpart’
     ‘shinyAce’ ‘shinyWidgets’ ‘shinydashboardPlus’ ‘shinyjs’ ‘tidyverse’
     ‘xgboost’ ‘zip’
     All declared Imports should be used.
Flavors: r-devel-linux-x86_64-fedora-clang, r-devel-linux-x86_64-fedora-gcc, r-patched-solaris-x86, r-release-macos-x86_64, r-oldrel-macos-x86_64