CRAN Package Check Results for Package predictrace

Last updated on 2020-09-17 02:08:20 CEST.

Flavor Version Tinstall Tcheck Ttotal Status Flags
r-devel-linux-x86_64-debian-clang 1.1.1 10.80 35.79 46.59 OK
r-devel-linux-x86_64-debian-gcc 1.1.1 9.95 27.89 37.84 OK
r-devel-linux-x86_64-fedora-clang 1.2.1 73.82 NOTE
r-devel-linux-x86_64-fedora-gcc 1.2.1 64.05 NOTE
r-devel-windows-ix86+x86_64 1.1.1 20.00 45.00 65.00 OK
r-patched-linux-x86_64 1.1.1 11.57 34.25 45.82 OK
r-patched-solaris-x86 1.2.1 104.30 NOTE
r-release-linux-x86_64 1.1.1 11.32 34.42 45.74 OK
r-release-macos-x86_64 1.1.1 NOTE
r-release-windows-ix86+x86_64 1.1.1 19.00 55.00 74.00 OK
r-oldrel-macos-x86_64 1.1.1 NOTE
r-oldrel-windows-ix86+x86_64 1.1.1 24.00 56.00 80.00 OK

Check Details

Version: 1.2.1
Check: dependencies in R code
Result: NOTE
    Namespaces in Imports field not imported from:
     ‘here’ ‘tidyr’
     All declared Imports should be used.
Flavors: r-devel-linux-x86_64-fedora-clang, r-devel-linux-x86_64-fedora-gcc, r-patched-solaris-x86

Version: 1.1.1
Check: dependencies in R code
Result: NOTE
    Namespaces in Imports field not imported from:
     ‘here’ ‘tidyr’
     All declared Imports should be used.
Flavors: r-release-macos-x86_64, r-oldrel-macos-x86_64