CRAN Package Check Results for Package ptest

Last updated on 2020-09-17 02:08:20 CEST.

Flavor Version Tinstall Tcheck Ttotal Status Flags
r-devel-linux-x86_64-debian-clang 1.0-8 10.18 97.89 108.07 OK
r-devel-linux-x86_64-debian-gcc 1.0-8 9.00 72.47 81.47 OK
r-devel-linux-x86_64-fedora-clang 1.0-8 135.78 NOTE
r-devel-linux-x86_64-fedora-gcc 1.0-8 128.04 NOTE
r-devel-windows-ix86+x86_64 1.0-8 25.00 161.00 186.00 OK
r-patched-linux-x86_64 1.0-8 10.09 92.64 102.73 OK
r-patched-solaris-x86 1.0-8 184.60 OK
r-release-linux-x86_64 1.0-8 10.31 92.37 102.68 OK
r-release-macos-x86_64 1.0-8 OK
r-release-windows-ix86+x86_64 1.0-8 26.00 154.00 180.00 OK
r-oldrel-macos-x86_64 1.0-8 OK
r-oldrel-windows-ix86+x86_64 1.0-8 20.00 139.00 159.00 OK

Check Details

Version: 1.0-8
Check: compiled code
Result: NOTE
    File ‘ptest/libs/ptest.so’:
     Found no calls to: ‘R_registerRoutines’, ‘R_useDynamicSymbols’
    
    It is good practice to register native routines and to disable symbol
    search.
    
    See ‘Writing portable packages’ in the ‘Writing R Extensions’ manual.
Flavors: r-devel-linux-x86_64-fedora-clang, r-devel-linux-x86_64-fedora-gcc