CRAN Package Check Results for Package qmrparser

Last updated on 2020-09-17 02:08:20 CEST.

Flavor Version Tinstall Tcheck Ttotal Status Flags
r-devel-linux-x86_64-debian-clang 0.1.5 3.73 55.23 58.96 NOTE
r-devel-linux-x86_64-debian-gcc 0.1.5 2.78 40.55 43.33 NOTE
r-devel-linux-x86_64-fedora-clang 0.1.5 79.45 NOTE
r-devel-linux-x86_64-fedora-gcc 0.1.5 69.53 NOTE
r-devel-windows-ix86+x86_64 0.1.5 7.00 61.00 68.00 NOTE
r-patched-linux-x86_64 0.1.5 3.32 53.94 57.26 NOTE
r-patched-solaris-x86 0.1.5 69.90 NOTE
r-release-linux-x86_64 0.1.5 3.87 52.97 56.84 NOTE
r-release-macos-x86_64 0.1.5 NOTE
r-release-windows-ix86+x86_64 0.1.5 7.00 56.00 63.00 NOTE
r-oldrel-macos-x86_64 0.1.5 NOTE
r-oldrel-windows-ix86+x86_64 0.1.5 6.00 64.00 70.00 NOTE

Check Details

Version: 0.1.5
Check: R code for possible problems
Result: NOTE
    pcAxisCubeMake: no visible global function definition for 'aggregate'
    pcAxisCubeToCSV: no visible global function definition for 'write.csv'
    Undefined global functions or variables:
     aggregate write.csv
    Consider adding
     importFrom("stats", "aggregate")
     importFrom("utils", "write.csv")
    to your NAMESPACE file.
Flavors: r-devel-linux-x86_64-debian-clang, r-devel-linux-x86_64-debian-gcc, r-devel-linux-x86_64-fedora-clang, r-devel-linux-x86_64-fedora-gcc, r-devel-windows-ix86+x86_64, r-patched-linux-x86_64, r-patched-solaris-x86, r-release-linux-x86_64, r-release-macos-x86_64, r-release-windows-ix86+x86_64, r-oldrel-macos-x86_64, r-oldrel-windows-ix86+x86_64

Version: 0.1.5
Check: Rd line widths
Result: NOTE
    Rd file 'pcAxisCubeMake.Rd':
     \examples lines wider than 100 characters:
     # In the latter case, latin1 would also work, but accents, ñ, ... would not be correctly read.
    
    Rd file 'pcAxisParser.Rd':
     \examples lines wider than 100 characters:
     # In the latter case, latin1 would also work, but accents, ñ, ... would not be correctly read.
    
    These lines will be truncated in the PDF manual.
Flavor: r-devel-linux-x86_64-debian-clang

Version: 0.1.5
Check: for non-standard things in the check directory
Result: NOTE
    Found the following files/directories:
     'datInSFexample6_1pxCube.csv' 'datInSFexample6_1pxCubeA0.csv '
     'datInSFexample6_1pxCubeA1.csv ' 'datInSFexample6_1pxCubeData.csv '
     'datInSFexample6_1pxCubeVariable.csv'
     'datInSFexample6_1pxCubeVariableDomain.csv'
Flavors: r-devel-linux-x86_64-debian-clang, r-devel-linux-x86_64-debian-gcc, r-devel-linux-x86_64-fedora-clang, r-devel-linux-x86_64-fedora-gcc, r-patched-linux-x86_64, r-patched-solaris-x86, r-release-linux-x86_64