CRAN Package Check Results for Package r2shortcode

Last updated on 2020-09-17 02:08:21 CEST.

Flavor Version Tinstall Tcheck Ttotal Status Flags
r-devel-linux-x86_64-debian-clang 0.1 1.73 21.78 23.51 OK
r-devel-linux-x86_64-debian-gcc 0.1 1.75 17.48 19.23 OK
r-devel-linux-x86_64-fedora-clang 0.1 38.92 NOTE
r-devel-linux-x86_64-fedora-gcc 0.1 29.76 NOTE
r-devel-windows-ix86+x86_64 0.1 13.00 33.00 46.00 OK
r-patched-linux-x86_64 0.1 2.33 21.43 23.76 OK
r-patched-solaris-x86 0.1 45.60 NOTE
r-release-linux-x86_64 0.1 2.03 21.54 23.57 OK
r-release-macos-x86_64 0.1 NOTE
r-release-windows-ix86+x86_64 0.1 6.00 41.00 47.00 OK
r-oldrel-macos-x86_64 0.1 NOTE
r-oldrel-windows-ix86+x86_64 0.1 3.00 38.00 41.00 OK

Check Details

Version: 0.1
Check: dependencies in R code
Result: NOTE
    Namespace in Imports field not imported from: ‘magrittr’
     All declared Imports should be used.
Flavors: r-devel-linux-x86_64-fedora-clang, r-devel-linux-x86_64-fedora-gcc, r-patched-solaris-x86, r-release-macos-x86_64, r-oldrel-macos-x86_64