Last updated on 2020-09-17 02:08:22 CEST.
Flavor | Version | Tinstall | Tcheck | Ttotal | Status | Flags |
---|---|---|---|---|---|---|
r-devel-linux-x86_64-debian-clang | 0.0-4 | 4.43 | 47.47 | 51.90 | NOTE | |
r-devel-linux-x86_64-debian-gcc | 0.0-4 | 3.09 | 37.19 | 40.28 | NOTE | |
r-devel-linux-x86_64-fedora-clang | 0.0-4 | 69.71 | NOTE | |||
r-devel-linux-x86_64-fedora-gcc | 0.0-4 | 62.17 | NOTE | |||
r-devel-windows-ix86+x86_64 | 0.0-4 | 9.00 | 61.00 | 70.00 | NOTE | |
r-patched-linux-x86_64 | 0.0-4 | 3.74 | 47.40 | 51.14 | NOTE | |
r-patched-solaris-x86 | 0.0-4 | 72.60 | NOTE | |||
r-release-linux-x86_64 | 0.0-4 | 3.54 | 48.19 | 51.73 | NOTE | |
r-release-macos-x86_64 | 0.0-4 | NOTE | ||||
r-release-windows-ix86+x86_64 | 0.0-4 | 10.00 | 44.00 | 54.00 | NOTE | |
r-oldrel-macos-x86_64 | 0.0-4 | NOTE | ||||
r-oldrel-windows-ix86+x86_64 | 0.0-4 | 8.00 | 47.00 | 55.00 | NOTE |
Version: 0.0-4
Check: top-level files
Result: NOTE
File
LICENSE
is not mentioned in the DESCRIPTION file.
Flavors: r-devel-linux-x86_64-debian-clang, r-devel-linux-x86_64-debian-gcc, r-devel-linux-x86_64-fedora-clang, r-devel-linux-x86_64-fedora-gcc, r-devel-windows-ix86+x86_64, r-patched-linux-x86_64, r-patched-solaris-x86, r-release-linux-x86_64, r-release-macos-x86_64, r-release-windows-ix86+x86_64, r-oldrel-macos-x86_64, r-oldrel-windows-ix86+x86_64
Version: 0.0-4
Check: dependencies in R code
Result: NOTE
'library' or 'require' call to 'rJava' which was already attached by Depends.
Please remove these calls from your code.
Flavors: r-devel-linux-x86_64-debian-clang, r-devel-linux-x86_64-debian-gcc, r-devel-linux-x86_64-fedora-clang, r-devel-linux-x86_64-fedora-gcc, r-devel-windows-ix86+x86_64, r-patched-linux-x86_64, r-patched-solaris-x86, r-release-linux-x86_64, r-release-macos-x86_64, r-release-windows-ix86+x86_64, r-oldrel-macos-x86_64, r-oldrel-windows-ix86+x86_64
Version: 0.0-4
Check: installed package size
Result: NOTE
installed size is 8.5Mb
Flavors: r-devel-linux-x86_64-fedora-clang, r-devel-windows-ix86+x86_64, r-patched-solaris-x86, r-release-macos-x86_64, r-release-windows-ix86+x86_64, r-oldrel-macos-x86_64, r-oldrel-windows-ix86+x86_64