CRAN Package Check Results for Package readxl

Last updated on 2020-09-17 02:08:21 CEST.

Flavor Version Tinstall Tcheck Ttotal Status Flags
r-devel-linux-x86_64-debian-clang 1.3.1 69.82 43.53 113.35 OK
r-devel-linux-x86_64-debian-gcc 1.3.1 51.05 32.94 83.99 OK
r-devel-linux-x86_64-fedora-clang 1.3.1 161.01 NOTE
r-devel-linux-x86_64-fedora-gcc 1.3.1 145.98 OK
r-devel-windows-ix86+x86_64 1.3.1 158.00 85.00 243.00 OK
r-patched-linux-x86_64 1.3.1 54.84 42.08 96.92 OK
r-patched-solaris-x86 1.3.1 141.30 OK
r-release-linux-x86_64 1.3.1 53.78 42.48 96.26 OK
r-release-macos-x86_64 1.3.1 OK
r-release-windows-ix86+x86_64 1.3.1 157.00 111.00 268.00 OK
r-oldrel-macos-x86_64 1.3.1 OK
r-oldrel-windows-ix86+x86_64 1.3.1 144.00 98.00 242.00 OK

Check Details

Version: 1.3.1
Check: installed package size
Result: NOTE
     installed size is 6.0Mb
     sub-directories of 1Mb or more:
     libs 4.6Mb
Flavor: r-devel-linux-x86_64-fedora-clang