Last updated on 2020-09-17 02:08:22 CEST.
Flavor | Version | Tinstall | Tcheck | Ttotal | Status | Flags |
---|---|---|---|---|---|---|
r-devel-linux-x86_64-debian-clang | 1.5.0 | 22.19 | 189.21 | 211.40 | OK | |
r-devel-linux-x86_64-debian-gcc | 1.5.0 | 19.63 | 142.72 | 162.35 | OK | |
r-devel-linux-x86_64-fedora-clang | 1.5.0 | 267.76 | OK | |||
r-devel-linux-x86_64-fedora-gcc | 1.5.0 | 264.61 | OK | |||
r-devel-windows-ix86+x86_64 | 1.5.0 | 60.00 | 206.00 | 266.00 | OK | |
r-patched-linux-x86_64 | 1.5.0 | 16.26 | 184.36 | 200.62 | OK | |
r-patched-solaris-x86 | 1.5.0 | 382.90 | OK | |||
r-release-linux-x86_64 | 1.5.0 | 18.85 | 187.49 | 206.34 | OK | |
r-release-macos-x86_64 | 1.5.0 | OK | ||||
r-release-windows-ix86+x86_64 | 1.5.0 | 55.00 | 199.00 | 254.00 | OK | |
r-oldrel-macos-x86_64 | 1.5.0 | WARN | ||||
r-oldrel-windows-ix86+x86_64 | 1.5.0 | 51.00 | 236.00 | 287.00 | OK |
Version: 1.5.0
Check: whether package can be installed
Result: WARN
Found the following significant warnings:
Warning: 'rgl.init' failed, running with 'rgl.useNULL = TRUE'.
Flavor: r-oldrel-macos-x86_64