Last updated on 2020-09-17 02:08:22 CEST.
Flavor | Version | Tinstall | Tcheck | Ttotal | Status | Flags |
---|---|---|---|---|---|---|
r-devel-linux-x86_64-debian-clang | 1.0 | 13.79 | 530.80 | 544.59 | OK | |
r-devel-linux-x86_64-debian-gcc | 1.0 | 12.38 | 397.96 | 410.34 | OK | |
r-devel-linux-x86_64-fedora-clang | 1.0 | 652.05 | NOTE | |||
r-devel-linux-x86_64-fedora-gcc | 1.0 | 650.43 | NOTE | |||
r-devel-windows-ix86+x86_64 | 1.0 | 39.00 | 598.00 | 637.00 | OK | |
r-patched-linux-x86_64 | 1.0 | 14.63 | 511.74 | 526.37 | OK | |
r-patched-solaris-x86 | 1.0 | 1031.00 | NOTE | |||
r-release-linux-x86_64 | 1.0 | 14.42 | 523.17 | 537.59 | OK | |
r-release-macos-x86_64 | 1.0 | NOTE | ||||
r-release-windows-ix86+x86_64 | 1.0 | 38.00 | 613.00 | 651.00 | OK | |
r-oldrel-macos-x86_64 | 1.0 | NOTE | ||||
r-oldrel-windows-ix86+x86_64 | 1.0 | 25.00 | 555.00 | 580.00 | OK |
Version: 1.0
Check: dependencies in R code
Result: NOTE
Namespace in Imports field not imported from: ‘Rdpack’
All declared Imports should be used.
Flavors: r-devel-linux-x86_64-fedora-clang, r-devel-linux-x86_64-fedora-gcc, r-patched-solaris-x86, r-release-macos-x86_64, r-oldrel-macos-x86_64