CRAN Package Check Results for Package regsem

Last updated on 2020-09-17 02:08:22 CEST.

Flavor Version Tinstall Tcheck Ttotal Status Flags
r-devel-linux-x86_64-debian-clang 1.5.2 85.78 85.65 171.43 OK
r-devel-linux-x86_64-debian-gcc 1.5.2 62.27 65.16 127.43 OK
r-devel-linux-x86_64-fedora-clang 1.5.2 252.72 NOTE
r-devel-linux-x86_64-fedora-gcc 1.5.2 229.15 NOTE
r-devel-windows-ix86+x86_64 1.5.2 187.00 141.00 328.00 OK
r-patched-linux-x86_64 1.5.2 67.55 86.06 153.61 OK
r-patched-solaris-x86 1.5.2 229.90 OK
r-release-linux-x86_64 1.5.2 70.90 86.92 157.82 OK
r-release-macos-x86_64 1.5.2 OK
r-release-windows-ix86+x86_64 1.5.2 194.00 104.00 298.00 OK
r-oldrel-macos-x86_64 1.5.2 OK
r-oldrel-windows-ix86+x86_64 1.5.2 126.00 134.00 260.00 OK

Check Details

Version: 1.5.2
Check: R code for possible problems
Result: NOTE
    Possibly missing '()' after 'return' in the following function:
     ‘multi_optim’
Flavors: r-devel-linux-x86_64-fedora-clang, r-devel-linux-x86_64-fedora-gcc