Last updated on 2020-09-17 02:08:22 CEST.
Flavor | Version | Tinstall | Tcheck | Ttotal | Status | Flags |
---|---|---|---|---|---|---|
r-devel-linux-x86_64-debian-clang | 1.3.1 | 3.89 | 32.27 | 36.16 | OK | |
r-devel-linux-x86_64-debian-gcc | 1.3.1 | 3.06 | 25.08 | 28.14 | OK | |
r-devel-linux-x86_64-fedora-clang | 1.3.1 | 52.91 | NOTE | |||
r-devel-linux-x86_64-fedora-gcc | 1.3.1 | 46.00 | NOTE | |||
r-devel-windows-ix86+x86_64 | 1.3.1 | 7.00 | 43.00 | 50.00 | OK | |
r-patched-linux-x86_64 | 1.3.1 | 3.06 | 32.50 | 35.56 | OK | |
r-patched-solaris-x86 | 1.3.1 | 67.90 | NOTE | |||
r-release-linux-x86_64 | 1.3.1 | 3.21 | 32.88 | 36.09 | OK | |
r-release-macos-x86_64 | 1.3.1 | NOTE | ||||
r-release-windows-ix86+x86_64 | 1.3.1 | 8.00 | 41.00 | 49.00 | OK | |
r-oldrel-macos-x86_64 | 1.3.1 | NOTE | ||||
r-oldrel-windows-ix86+x86_64 | 1.3.1 | 4.00 | 48.00 | 52.00 | OK |
Version: 1.3.1
Check: dependencies in R code
Result: NOTE
Namespace in Imports field not imported from: ‘gWidgets2tcltk’
All declared Imports should be used.
Flavors: r-devel-linux-x86_64-fedora-clang, r-devel-linux-x86_64-fedora-gcc, r-patched-solaris-x86, r-release-macos-x86_64
Version: 1.3.1
Check: dependencies in R code
Result: NOTE
No protocol specified
No protocol specified
No protocol specified
No protocol specified
Namespace in Imports field not imported from: ‘gWidgets2tcltk’
All declared Imports should be used.
Flavor: r-oldrel-macos-x86_64