Last updated on 2020-09-17 02:08:22 CEST.
Flavor | Version | Tinstall | Tcheck | Ttotal | Status | Flags |
---|---|---|---|---|---|---|
r-devel-linux-x86_64-debian-clang | 1.1.3 | 5.30 | 325.15 | 330.45 | OK | |
r-devel-linux-x86_64-debian-gcc | 1.1.3 | 4.33 | 251.19 | 255.52 | OK | |
r-devel-linux-x86_64-fedora-clang | 1.1.3 | 409.22 | OK | |||
r-devel-linux-x86_64-fedora-gcc | 1.1.3 | 422.66 | OK | |||
r-devel-windows-ix86+x86_64 | 1.1.3 | 13.00 | 433.00 | 446.00 | OK | |
r-patched-linux-x86_64 | 1.1.3 | 5.57 | 323.80 | 329.37 | OK | |
r-patched-solaris-x86 | 1.1.3 | 997.90 | OK | |||
r-release-linux-x86_64 | 1.1.3 | 5.23 | 336.71 | 341.94 | OK | |
r-release-macos-x86_64 | 1.1.3 | WARN | ||||
r-release-windows-ix86+x86_64 | 1.1.3 | 13.00 | 520.00 | 533.00 | OK | |
r-oldrel-macos-x86_64 | 1.1.3 | OK | ||||
r-oldrel-windows-ix86+x86_64 | 1.1.3 | 17.00 | 528.00 | 545.00 | OK |
Version: 1.1.3
Check: package dependencies
Result: NOTE
Package suggested but not available for checking: ‘ggtree’
Flavor: r-release-macos-x86_64
Version: 1.1.3
Check: re-building of vignette outputs
Result: WARN
Error(s) in re-building vignettes:
...
--- re-building ‘introduction.Rmd’ using rmarkdown
Warning in engine$weave(file, quiet = quiet, encoding = enc) :
Pandoc (>= 1.12.3) and/or pandoc-citeproc not available. Falling back to R Markdown v1.
Quitting from lines 40-46 (introduction.Rmd)
Error: processing vignette 'introduction.Rmd' failed with diagnostics:
there is no package called 'ggtree'
--- failed re-building ‘introduction.Rmd’
SUMMARY: processing the following file failed:
‘introduction.Rmd’
Error: Vignette re-building failed.
Execution halted
Flavor: r-release-macos-x86_64