Last updated on 2020-09-17 02:08:22 CEST.
Flavor | Version | Tinstall | Tcheck | Ttotal | Status | Flags |
---|---|---|---|---|---|---|
r-devel-linux-x86_64-debian-clang | 0.1.0 | 5.35 | 457.24 | 462.59 | OK | |
r-devel-linux-x86_64-debian-gcc | 0.1.0 | 5.13 | 337.74 | 342.87 | OK | |
r-devel-linux-x86_64-fedora-clang | 0.1.0 | 524.08 | NOTE | |||
r-devel-linux-x86_64-fedora-gcc | 0.1.0 | 527.03 | NOTE | |||
r-devel-windows-ix86+x86_64 | 0.1.0 | 15.00 | 451.00 | 466.00 | OK | |
r-patched-linux-x86_64 | 0.1.0 | 5.78 | 440.89 | 446.67 | OK | |
r-patched-solaris-x86 | 0.1.0 | 767.00 | NOTE | |||
r-release-linux-x86_64 | 0.1.0 | 6.15 | 432.34 | 438.49 | OK | |
r-release-macos-x86_64 | 0.1.0 | NOTE | ||||
r-release-windows-ix86+x86_64 | 0.1.0 | 15.00 | 565.00 | 580.00 | OK | |
r-oldrel-macos-x86_64 | 0.1.0 | NOTE | ||||
r-oldrel-windows-ix86+x86_64 | 0.1.0 | 18.00 | 548.00 | 566.00 | OK |
Version: 0.1.0
Check: dependencies in R code
Result: NOTE
Namespace in Imports field not imported from: ‘tidyverse’
All declared Imports should be used.
Flavors: r-devel-linux-x86_64-fedora-clang, r-devel-linux-x86_64-fedora-gcc, r-patched-solaris-x86, r-release-macos-x86_64, r-oldrel-macos-x86_64