Last updated on 2020-09-17 02:08:22 CEST.
Flavor | Version | Tinstall | Tcheck | Ttotal | Status | Flags |
---|---|---|---|---|---|---|
r-devel-linux-x86_64-debian-clang | 0.2.0 | 6.99 | 31.40 | 38.39 | OK | |
r-devel-linux-x86_64-debian-gcc | 0.2.0 | 4.74 | 24.34 | 29.08 | OK | |
r-devel-linux-x86_64-fedora-clang | 0.2.0 | 56.21 | NOTE | |||
r-devel-linux-x86_64-fedora-gcc | 0.2.0 | 46.48 | OK | |||
r-devel-windows-ix86+x86_64 | 0.2.0 | 13.00 | 44.00 | 57.00 | OK | |
r-patched-linux-x86_64 | 0.2.0 | 6.68 | 30.82 | 37.50 | OK | |
r-patched-solaris-x86 | 0.2.0 | 70.10 | OK | |||
r-release-linux-x86_64 | 0.2.0 | 6.66 | 31.16 | 37.82 | OK | |
r-release-macos-x86_64 | 0.2.0 | OK | ||||
r-release-windows-ix86+x86_64 | 0.2.0 | 14.00 | 43.00 | 57.00 | OK | |
r-oldrel-macos-x86_64 | 0.2.0 | OK | ||||
r-oldrel-windows-ix86+x86_64 | 0.2.0 | 8.00 | 60.00 | 68.00 | OK |
Version: 0.2.0
Check: Rd cross-references
Result: NOTE
Undeclared package ‘httpuv’ in Rd xrefs
Flavor: r-devel-linux-x86_64-fedora-clang