Last updated on 2020-09-17 02:08:22 CEST.
Flavor | Version | Tinstall | Tcheck | Ttotal | Status | Flags |
---|---|---|---|---|---|---|
r-devel-linux-x86_64-debian-clang | 1.3.1 | 10.83 | 178.14 | 188.97 | OK | |
r-devel-linux-x86_64-debian-gcc | 1.3.1 | 8.32 | 138.82 | 147.14 | OK | |
r-devel-linux-x86_64-fedora-clang | 1.3.1 | 237.84 | OK | |||
r-devel-linux-x86_64-fedora-gcc | 1.3.1 | 225.67 | OK | |||
r-devel-windows-ix86+x86_64 | 1.3.1 | 25.00 | 144.00 | 169.00 | OK | |
r-patched-linux-x86_64 | 1.3.1 | 9.67 | 175.21 | 184.88 | OK | |
r-patched-solaris-x86 | 1.3.1 | 278.50 | NOTE | |||
r-release-linux-x86_64 | 1.3.1 | 9.96 | 167.33 | 177.29 | OK | |
r-release-macos-x86_64 | 1.3.1 | OK | ||||
r-release-windows-ix86+x86_64 | 1.3.1 | 22.00 | 151.00 | 173.00 | OK | |
r-oldrel-macos-x86_64 | 1.3.1 | OK | ||||
r-oldrel-windows-ix86+x86_64 | 1.3.1 | 22.00 | 141.00 | 163.00 | OK |
Version: 1.3.1
Check: installed package size
Result: NOTE
installed size is 5.2Mb
sub-directories of 1Mb or more:
java 4.4Mb
Flavor: r-patched-solaris-x86