CRAN Package Check Results for Package robust

Last updated on 2020-09-17 02:08:23 CEST.

Flavor Version Tinstall Tcheck Ttotal Status Flags
r-devel-linux-x86_64-debian-clang 0.5-0.0 25.22 83.62 108.84 OK
r-devel-linux-x86_64-debian-gcc 0.5-0.0 20.26 63.56 83.82 OK
r-devel-linux-x86_64-fedora-clang 0.5-0.0 143.60 OK
r-devel-linux-x86_64-fedora-gcc 0.5-0.0 136.17 OK
r-devel-windows-ix86+x86_64 0.5-0.0 47.00 149.00 196.00 OK
r-patched-linux-x86_64 0.5-0.0 20.73 82.20 102.93 OK
r-patched-solaris-x86 0.5-0.0 159.10 ERROR
r-release-linux-x86_64 0.5-0.0 22.13 83.78 105.91 OK
r-release-macos-x86_64 0.5-0.0 OK
r-release-windows-ix86+x86_64 0.5-0.0 57.00 113.00 170.00 OK
r-oldrel-macos-x86_64 0.5-0.0 OK
r-oldrel-windows-ix86+x86_64 0.5-0.0 50.00 145.00 195.00 OK

Check Details

Version: 0.5-0.0
Check: examples
Result: ERROR
    Running examples in ‘robust-Ex.R’ failed
    The error most likely occurred in:
    
    > ### Name: overlaidDenPlot.fdfm
    > ### Title: Overlaid Density Plot
    > ### Aliases: overlaidDenPlot.fdfm
    > ### Keywords: hplot
    >
    > ### ** Examples
    >
    > data(los, package="robustbase")
    > los.fm <- fit.models(c(Robust = "fitdstnRob", MLE = "fitdstn"),
    + x = los, densfun = "gamma")
    
     *** caught segfault ***
    address 4, cause 'memory not mapped'
    
    Traceback:
     1: Tabgamma(b1, b2, alpha1, alpha2, k, A, maxta, maxtc, maxit, til, tol)
     2: gammaRob(x, ...)
     3: fitdstnRob(x = los, densfun = "gamma")
     4: eval(model.call, sys.parent())
     5: eval(model.call, sys.parent())
     6: fit.models(c(Robust = "fitdstnRob", MLE = "fitdstn"), x = los, densfun = "gamma")
    An irrecoverable exception occurred. R is aborting now ...
Flavor: r-patched-solaris-x86