CRAN Package Check Results for Package rpf

Last updated on 2020-09-17 02:08:23 CEST.

Flavor Version Tinstall Tcheck Ttotal Status Flags
r-devel-linux-x86_64-debian-clang 1.0.4 157.32 75.09 232.41 OK
r-devel-linux-x86_64-debian-gcc 1.0.5 121.62 57.59 179.21 OK
r-devel-linux-x86_64-fedora-clang 1.0.5 348.87 NOTE
r-devel-linux-x86_64-fedora-gcc 1.0.5 315.61 OK
r-devel-windows-ix86+x86_64 1.0.4 313.00 115.00 428.00 OK
r-patched-linux-x86_64 1.0.5 128.30 74.44 202.74 OK
r-patched-solaris-x86 1.0.5 250.10 ERROR
r-release-linux-x86_64 1.0.4 130.33 74.10 204.43 OK
r-release-macos-x86_64 1.0.4 NOTE
r-release-windows-ix86+x86_64 1.0.4 321.00 112.00 433.00 OK
r-oldrel-macos-x86_64 1.0.5 NOTE
r-oldrel-windows-ix86+x86_64 1.0.4 205.00 130.00 335.00 OK

Check Details

Version: 1.0.5
Check: installed package size
Result: NOTE
     installed size is 22.7Mb
     sub-directories of 1Mb or more:
     libs 21.7Mb
Flavors: r-devel-linux-x86_64-fedora-clang, r-oldrel-macos-x86_64

Version: 1.0.5
Check: tests
Result: ERROR
     Running ‘testthat.R’ [15s/18s]
    Running the tests in ‘tests/testthat.R’ failed.
    Complete output:
     > library(testthat)
     > library(rpf)
     Loading required package: parallel
     >
     > test_check("rpf")
     ── 1. Failure: EAPscores (@test-weightColumn.R#40) ────────────────────────────
     grp1$score[, 1] not equal to grp2$score[, 1].
     845/1000 mismatches (average diff: 2.73)
     [1] -2.48 - 1.257 == -3.73
     [2] -2.48 - -1.238 == -1.24
     [3] -2.48 - -0.819 == -1.66
     [4] 0.68 - -0.719 == 1.40
     [5] 0.68 - -0.719 == 1.40
     [6] 0.68 - -0.719 == 1.40
     [7] 0.68 - -0.719 == 1.40
     [8] 0.68 - -0.652 == 1.33
     [9] 0.68 - 5.103 == -4.42
     ...
    
     ══ testthat results ═══════════════════════════════════════════════════════════
     [ OK: 401 | SKIPPED: 0 | WARNINGS: 0 | FAILED: 1 ]
     1. Failure: EAPscores (@test-weightColumn.R#40)
    
     Error: testthat unit tests failed
     Execution halted
Flavor: r-patched-solaris-x86

Version: 1.0.4
Check: installed package size
Result: NOTE
     installed size is 21.1Mb
     sub-directories of 1Mb or more:
     libs 20.2Mb
Flavor: r-release-macos-x86_64