CRAN Package Check Results for Package rpivotTable

Last updated on 2020-09-17 02:08:23 CEST.

Flavor Version Tinstall Tcheck Ttotal Status Flags
r-devel-linux-x86_64-debian-clang 0.3.0 2.54 30.48 33.02 OK
r-devel-linux-x86_64-debian-gcc 0.3.0 1.85 23.75 25.60 OK
r-devel-linux-x86_64-fedora-clang 0.3.0 48.57 OK
r-devel-linux-x86_64-fedora-gcc 0.3.0 39.96 OK
r-devel-windows-ix86+x86_64 0.3.0 5.00 39.00 44.00 OK
r-patched-linux-x86_64 0.3.0 2.46 30.04 32.50 OK
r-patched-solaris-x86 0.3.0 58.00 WARN
r-release-linux-x86_64 0.3.0 2.48 29.71 32.19 OK
r-release-macos-x86_64 0.3.0 WARN
r-release-windows-ix86+x86_64 0.3.0 6.00 51.00 57.00 OK
r-oldrel-macos-x86_64 0.3.0 WARN
r-oldrel-windows-ix86+x86_64 0.3.0 3.00 46.00 49.00 OK

Check Details

Version: 0.3.0
Check: re-building of vignette outputs
Result: WARN
    Error(s) in re-building vignettes:
     ...
    --- re-building ‘NEWS.Rmd’ using rmarkdown
    Warning in engine$weave(file, quiet = quiet, encoding = enc) :
     Pandoc (>= 1.12.3) and/or pandoc-citeproc not available. Falling back to R Markdown v1.
    --- finished re-building ‘NEWS.Rmd’
    
    --- re-building ‘rpivotTableIntroduction.Rmd’ using rmarkdown
    Warning in engine$weave(file, quiet = quiet, encoding = enc) :
     Pandoc (>= 1.12.3) and/or pandoc-citeproc not available. Falling back to R Markdown v1.
    Quitting from lines 51-53 (rpivotTableIntroduction.Rmd)
    Error: processing vignette 'rpivotTableIntroduction.Rmd' failed with diagnostics:
    there is no package called 'webshot'
    --- failed re-building ‘rpivotTableIntroduction.Rmd’
    
    SUMMARY: processing the following file failed:
     ‘rpivotTableIntroduction.Rmd’
    
    Error: Vignette re-building failed.
    Execution halted
Flavor: r-patched-solaris-x86

Version: 0.3.0
Check: re-building of vignette outputs
Result: WARN
    Error(s) in re-building vignettes:
     ...
    --- re-building ‘NEWS.Rmd’ using rmarkdown
    Warning in engine$weave(file, quiet = quiet, encoding = enc) :
     Pandoc (>= 1.12.3) and/or pandoc-citeproc not available. Falling back to R Markdown v1.
    --- finished re-building ‘NEWS.Rmd’
    
    --- re-building ‘rpivotTableIntroduction.Rmd’ using rmarkdown
    Warning in engine$weave(file, quiet = quiet, encoding = enc) :
     Pandoc (>= 1.12.3) and/or pandoc-citeproc not available. Falling back to R Markdown v1.
    Quitting from lines 51-53 (rpivotTableIntroduction.Rmd)
    Error: processing vignette 'rpivotTableIntroduction.Rmd' failed with diagnostics:
    cannot open the connection
    --- failed re-building ‘rpivotTableIntroduction.Rmd’
    
    SUMMARY: processing the following file failed:
     ‘rpivotTableIntroduction.Rmd’
    
    Error: Vignette re-building failed.
    Execution halted
Flavors: r-release-macos-x86_64, r-oldrel-macos-x86_64