CRAN Package Check Results for Package rsatscan

Last updated on 2020-09-17 02:08:23 CEST.

Flavor Version Tinstall Tcheck Ttotal Status Flags
r-devel-linux-x86_64-debian-clang 0.3.9200 2.74 25.50 28.24 NOTE
r-devel-linux-x86_64-debian-gcc 0.3.9200 1.94 20.28 22.22 NOTE
r-devel-linux-x86_64-fedora-clang 0.3.9200 43.90 NOTE
r-devel-linux-x86_64-fedora-gcc 0.3.9200 36.21 NOTE
r-devel-windows-ix86+x86_64 0.3.9200 5.00 41.00 46.00 NOTE
r-patched-linux-x86_64 0.3.9200 2.41 25.40 27.81 NOTE
r-patched-solaris-x86 0.3.9200 53.20 NOTE
r-release-linux-x86_64 0.3.9200 2.53 25.47 28.00 NOTE
r-release-macos-x86_64 0.3.9200 NOTE
r-release-windows-ix86+x86_64 0.3.9200 5.00 35.00 40.00 NOTE
r-oldrel-macos-x86_64 0.3.9200 NOTE
r-oldrel-windows-ix86+x86_64 0.3.9200 4.00 40.00 44.00 NOTE

Check Details

Version: 0.3.9200
Check: R code for possible problems
Result: NOTE
    stripslash: no visible global function definition for 'tail'
    Undefined global functions or variables:
     tail
    Consider adding
     importFrom("utils", "tail")
    to your NAMESPACE file.
Flavors: r-devel-linux-x86_64-debian-clang, r-devel-linux-x86_64-debian-gcc, r-devel-linux-x86_64-fedora-clang, r-devel-linux-x86_64-fedora-gcc, r-devel-windows-ix86+x86_64, r-patched-linux-x86_64, r-patched-solaris-x86, r-release-linux-x86_64, r-release-macos-x86_64, r-release-windows-ix86+x86_64, r-oldrel-macos-x86_64, r-oldrel-windows-ix86+x86_64