CRAN Package Check Results for Package rticles

Last updated on 2020-09-17 02:08:23 CEST.

Flavor Version Tinstall Tcheck Ttotal Status Flags
r-devel-linux-x86_64-debian-clang 0.15 3.78 27.90 31.68 NOTE
r-devel-linux-x86_64-debian-gcc 0.15 3.01 22.12 25.13 NOTE
r-devel-linux-x86_64-fedora-clang 0.15 47.01 NOTE
r-devel-linux-x86_64-fedora-gcc 0.15 37.63 NOTE
r-devel-windows-ix86+x86_64 0.15 6.00 50.00 56.00 NOTE
r-patched-linux-x86_64 0.15 2.84 27.53 30.37 NOTE
r-patched-solaris-x86 0.15 59.90 NOTE
r-release-linux-x86_64 0.15 3.73 28.37 32.10 NOTE
r-release-macos-x86_64 0.15 NOTE
r-release-windows-ix86+x86_64 0.15 8.00 51.00 59.00 NOTE
r-oldrel-macos-x86_64 0.15 NOTE
r-oldrel-windows-ix86+x86_64 0.15 5.00 42.00 47.00 NOTE

Check Details

Version: 0.15
Check: for GNU extensions in Makefiles
Result: NOTE
    GNU make is a SystemRequirements.
Flavors: r-devel-linux-x86_64-debian-clang, r-devel-linux-x86_64-debian-gcc, r-devel-linux-x86_64-fedora-clang, r-devel-linux-x86_64-fedora-gcc, r-devel-windows-ix86+x86_64, r-patched-linux-x86_64, r-patched-solaris-x86, r-release-linux-x86_64, r-release-macos-x86_64, r-release-windows-ix86+x86_64, r-oldrel-macos-x86_64, r-oldrel-windows-ix86+x86_64