Last updated on 2020-09-17 02:08:24 CEST.
Flavor | Version | Tinstall | Tcheck | Ttotal | Status | Flags |
---|---|---|---|---|---|---|
r-devel-linux-x86_64-debian-clang | 0.2.2 | 20.24 | 129.23 | 149.47 | OK | |
r-devel-linux-x86_64-debian-gcc | 0.2.2 | 14.39 | 96.40 | 110.79 | OK | |
r-devel-linux-x86_64-fedora-clang | 0.2.2 | 188.78 | OK | |||
r-devel-linux-x86_64-fedora-gcc | 0.2.2 | 178.25 | OK | |||
r-devel-windows-ix86+x86_64 | 0.2.2 | 36.00 | 162.00 | 198.00 | OK | |
r-patched-linux-x86_64 | 0.2.2 | 18.75 | 126.14 | 144.89 | OK | |
r-patched-solaris-x86 | 0.2.2 | 230.40 | OK | |||
r-release-linux-x86_64 | 0.2.2 | 18.55 | 123.95 | 142.50 | OK | |
r-release-macos-x86_64 | 0.2.2 | OK | ||||
r-release-windows-ix86+x86_64 | 0.2.2 | 36.00 | 176.00 | 212.00 | OK | |
r-oldrel-macos-x86_64 | 0.2.2 | ERROR | ||||
r-oldrel-windows-ix86+x86_64 | 0.2.2 | 32.00 | 119.00 | 151.00 | OK |
Version: 0.2.2
Check: package dependencies
Result: ERROR
Package required and available but unsuitable version: ‘data.table’
See section ‘The DESCRIPTION file’ in the ‘Writing R Extensions’
manual.
Flavor: r-oldrel-macos-x86_64