Last updated on 2020-09-17 02:08:24 CEST.
Flavor | Version | Tinstall | Tcheck | Ttotal | Status | Flags |
---|---|---|---|---|---|---|
r-devel-linux-x86_64-debian-clang | 2.8 | 8.68 | 95.18 | 103.86 | OK | |
r-devel-linux-x86_64-debian-gcc | 2.8 | 6.23 | 70.81 | 77.04 | OK | |
r-devel-linux-x86_64-fedora-clang | 2.8 | 129.78 | NOTE | |||
r-devel-linux-x86_64-fedora-gcc | 2.8 | 128.13 | NOTE | |||
r-devel-windows-ix86+x86_64 | 2.8 | 14.00 | 690.00 | 704.00 | OK | |
r-patched-linux-x86_64 | 2.8 | 8.29 | 97.87 | 106.16 | OK | |
r-patched-solaris-x86 | 2.8 | 185.40 | OK | |||
r-release-linux-x86_64 | 2.8 | 8.48 | 96.42 | 104.90 | OK | |
r-release-macos-x86_64 | 2.8 | OK | ||||
r-release-windows-ix86+x86_64 | 2.8 | 15.00 | 612.00 | 627.00 | OK | |
r-oldrel-macos-x86_64 | 2.8 | OK | ||||
r-oldrel-windows-ix86+x86_64 | 2.8 | 10.00 | 716.00 | 726.00 | OK |
Version: 2.8
Check: compiled code
Result: NOTE
File ‘sampling/libs/sampling.so’:
Found no calls to: ‘R_registerRoutines’, ‘R_useDynamicSymbols’
It is good practice to register native routines and to disable symbol
search.
See ‘Writing portable packages’ in the ‘Writing R Extensions’ manual.
Flavors: r-devel-linux-x86_64-fedora-clang, r-devel-linux-x86_64-fedora-gcc