Last updated on 2020-09-17 02:08:24 CEST.
Flavor | Version | Tinstall | Tcheck | Ttotal | Status | Flags |
---|---|---|---|---|---|---|
r-devel-linux-x86_64-debian-clang | 1.1.1 | 10.63 | 76.24 | 86.87 | NOTE | |
r-devel-linux-x86_64-debian-gcc | 1.1.1 | 8.92 | 59.29 | 68.21 | NOTE | |
r-devel-linux-x86_64-fedora-clang | 1.1.1 | 117.48 | NOTE | |||
r-devel-linux-x86_64-fedora-gcc | 1.1.1 | 107.19 | NOTE | |||
r-devel-windows-ix86+x86_64 | 1.1.1 | 23.00 | 100.00 | 123.00 | NOTE | |
r-patched-linux-x86_64 | 1.1.1 | 10.29 | 73.99 | 84.28 | NOTE | |
r-patched-solaris-x86 | 1.1.1 | 159.20 | NOTE | |||
r-release-linux-x86_64 | 1.1.1 | 9.17 | 75.86 | 85.03 | NOTE | |
r-release-macos-x86_64 | 1.1.1 | NOTE | ||||
r-release-windows-ix86+x86_64 | 1.1.1 | 22.00 | 104.00 | 126.00 | NOTE | |
r-oldrel-macos-x86_64 | 1.1.1 | NOTE | ||||
r-oldrel-windows-ix86+x86_64 | 1.1.1 | 15.00 | 94.00 | 109.00 | NOTE |
Version: 1.1.1
Check: package dependencies
Result: NOTE
Packages which this enhances but not available for checking:
'gurobi', 'pogs'
Flavors: r-devel-linux-x86_64-debian-clang, r-devel-linux-x86_64-debian-gcc, r-patched-linux-x86_64, r-release-linux-x86_64
Version: 1.1.1
Check: package dependencies
Result: NOTE
Packages which this enhances but not available for checking:
'gurobi', 'Rcplex', 'pogs'
Flavors: r-devel-linux-x86_64-fedora-clang, r-devel-linux-x86_64-fedora-gcc, r-devel-windows-ix86+x86_64, r-release-macos-x86_64, r-release-windows-ix86+x86_64, r-oldrel-macos-x86_64, r-oldrel-windows-ix86+x86_64
Version: 1.1.1
Check: package dependencies
Result: NOTE
Packages which this enhances but not available for checking:
'gurobi', 'Rcplex', 'Rmosek', 'pogs'
Flavor: r-patched-solaris-x86