CRAN Package Check Results for Package scagnostics

Last updated on 2020-09-17 02:08:24 CEST.

Flavor Version Tinstall Tcheck Ttotal Status Flags
r-devel-linux-x86_64-debian-clang 0.2-4.1 3.58 32.93 36.51 NOTE
r-devel-linux-x86_64-debian-gcc 0.2-4.1 2.73 25.68 28.41 NOTE
r-devel-linux-x86_64-fedora-clang 0.2-4.1 56.22 NOTE
r-devel-linux-x86_64-fedora-gcc 0.2-4.1 46.19 NOTE
r-devel-windows-ix86+x86_64 0.2-4.1 8.00 50.00 58.00 OK
r-patched-linux-x86_64 0.2-4.1 3.09 32.71 35.80 NOTE
r-patched-solaris-x86 0.2-4.1 74.80 OK
r-release-linux-x86_64 0.2-4.1 3.52 32.88 36.40 NOTE
r-release-macos-x86_64 0.2-4.1 OK
r-release-windows-ix86+x86_64 0.2-4.1 11.00 48.00 59.00 OK
r-oldrel-macos-x86_64 0.2-4.1 OK
r-oldrel-windows-ix86+x86_64 0.2-4.1 7.00 41.00 48.00 OK

Check Details

Version: 0.2-4.1
Check: top-level files
Result: NOTE
    Non-standard file/directory found at top level:
     'src-java'
Flavors: r-devel-linux-x86_64-debian-clang, r-devel-linux-x86_64-debian-gcc, r-devel-linux-x86_64-fedora-clang, r-devel-linux-x86_64-fedora-gcc, r-patched-linux-x86_64, r-release-linux-x86_64