Last updated on 2020-09-17 02:08:24 CEST.
Flavor | Version | Tinstall | Tcheck | Ttotal | Status | Flags |
---|---|---|---|---|---|---|
r-devel-linux-x86_64-debian-clang | 5.5.1 | 72.14 | 215.04 | 287.18 | OK | |
r-devel-linux-x86_64-debian-gcc | 5.5.1 | 53.83 | 142.42 | 196.25 | OK | |
r-devel-linux-x86_64-fedora-clang | 5.5.1 | 341.38 | NOTE | |||
r-devel-linux-x86_64-fedora-gcc | 5.5.1 | 311.91 | OK | |||
r-devel-windows-ix86+x86_64 | 5.5.1 | 165.00 | 326.00 | 491.00 | NOTE | |
r-patched-linux-x86_64 | 5.5.1 | 52.62 | 180.47 | 233.09 | OK | |
r-patched-solaris-x86 | 5.5.1 | 346.60 | OK | |||
r-release-linux-x86_64 | 5.5.1 | 55.02 | 184.49 | 239.51 | OK | |
r-release-macos-x86_64 | 5.5.1 | OK | ||||
r-release-windows-ix86+x86_64 | 5.5.1 | 159.00 | 332.00 | 491.00 | NOTE | |
r-oldrel-macos-x86_64 | 5.5.1 | OK | ||||
r-oldrel-windows-ix86+x86_64 | 5.5.1 | 146.00 | 302.00 | 448.00 | OK |
Version: 5.5.1
Check: installed package size
Result: NOTE
installed size is 5.2Mb
sub-directories of 1Mb or more:
libs 2.2Mb
Flavors: r-devel-linux-x86_64-fedora-clang, r-devel-windows-ix86+x86_64, r-release-windows-ix86+x86_64