Last updated on 2020-09-17 02:08:24 CEST.
Flavor | Version | Tinstall | Tcheck | Ttotal | Status | Flags |
---|---|---|---|---|---|---|
r-devel-linux-x86_64-debian-clang | 1.0.6 | 113.99 | 53.35 | 167.34 | OK | |
r-devel-linux-x86_64-debian-gcc | 1.0.6 | 89.64 | 39.89 | 129.53 | OK | |
r-devel-linux-x86_64-fedora-clang | 1.0.6 | 251.05 | NOTE | |||
r-devel-linux-x86_64-fedora-gcc | 1.0.6 | 227.89 | OK | |||
r-devel-windows-ix86+x86_64 | 1.0.6 | 285.00 | 90.00 | 375.00 | OK | |
r-patched-linux-x86_64 | 1.0.6 | 100.35 | 54.02 | 154.37 | OK | |
r-patched-solaris-x86 | 1.0.6 | 248.00 | OK | |||
r-release-linux-x86_64 | 1.0.6 | 99.15 | 56.30 | 155.45 | OK | |
r-release-macos-x86_64 | 1.0.6 | OK | ||||
r-release-windows-ix86+x86_64 | 1.0.6 | 286.00 | 124.00 | 410.00 | OK | |
r-oldrel-macos-x86_64 | 1.0.6 | OK | ||||
r-oldrel-windows-ix86+x86_64 | 1.0.6 | 181.00 | 98.00 | 279.00 | OK |
Version: 1.0.6
Check: installed package size
Result: NOTE
installed size is 5.2Mb
sub-directories of 1Mb or more:
libs 4.5Mb
Flavor: r-devel-linux-x86_64-fedora-clang