Last updated on 2020-09-17 02:08:24 CEST.
Flavor | Version | Tinstall | Tcheck | Ttotal | Status | Flags |
---|---|---|---|---|---|---|
r-devel-linux-x86_64-debian-clang | 1.3.4 | 7.65 | 50.32 | 57.97 | OK | |
r-devel-linux-x86_64-debian-gcc | 1.3.4 | 6.16 | 39.18 | 45.34 | OK | |
r-devel-linux-x86_64-fedora-clang | 1.3.4 | 79.90 | NOTE | |||
r-devel-linux-x86_64-fedora-gcc | 1.3.4 | 68.26 | NOTE | |||
r-devel-windows-ix86+x86_64 | 1.3.4 | 17.00 | 74.00 | 91.00 | OK | |
r-patched-linux-x86_64 | 1.3.4 | 6.63 | 49.02 | 55.65 | OK | |
r-patched-solaris-x86 | 1.3.4 | 106.30 | NOTE | |||
r-release-linux-x86_64 | 1.3.4 | 5.23 | 49.39 | 54.62 | OK | |
r-release-macos-x86_64 | 1.3.4 | NOTE | ||||
r-release-windows-ix86+x86_64 | 1.3.4 | 17.00 | 56.00 | 73.00 | OK | |
r-oldrel-macos-x86_64 | 1.3.4 | NOTE | ||||
r-oldrel-windows-ix86+x86_64 | 1.3.4 | 14.00 | 68.00 | 82.00 | OK |
Version: 1.3.4
Check: dependencies in R code
Result: NOTE
Namespaces in Imports field not imported from:
‘cluster’ ‘factoextra’ ‘tidyr’
All declared Imports should be used.
Flavors: r-devel-linux-x86_64-fedora-clang, r-devel-linux-x86_64-fedora-gcc, r-patched-solaris-x86, r-release-macos-x86_64, r-oldrel-macos-x86_64