Last updated on 2020-09-17 02:08:24 CEST.
Flavor | Version | Tinstall | Tcheck | Ttotal | Status | Flags |
---|---|---|---|---|---|---|
r-devel-linux-x86_64-debian-clang | 0.1.0 | 2.21 | 18.09 | 20.30 | OK | |
r-devel-linux-x86_64-debian-gcc | 0.1.0 | 1.87 | 14.44 | 16.31 | OK | |
r-devel-linux-x86_64-fedora-clang | 0.1.0 | 37.17 | NOTE | |||
r-devel-linux-x86_64-fedora-gcc | 0.1.0 | 25.61 | NOTE | |||
r-devel-windows-ix86+x86_64 | 0.1.0 | 8.00 | 28.00 | 36.00 | OK | |
r-patched-linux-x86_64 | 0.1.0 | 2.27 | 17.93 | 20.20 | OK | |
r-patched-solaris-x86 | 0.1.0 | 41.00 | NOTE | |||
r-release-linux-x86_64 | 0.1.0 | 1.85 | 18.15 | 20.00 | OK | |
r-release-macos-x86_64 | 0.1.0 | NOTE | ||||
r-release-windows-ix86+x86_64 | 0.1.0 | 7.00 | 37.00 | 44.00 | OK | |
r-oldrel-macos-x86_64 | 0.1.0 | NOTE | ||||
r-oldrel-windows-ix86+x86_64 | 0.1.0 | 4.00 | 36.00 | 40.00 | OK |
Version: 0.1.0
Check: dependencies in R code
Result: NOTE
Namespaces in Imports field not imported from:
‘dplyr’ ‘lavaan’ ‘psych’ ‘semPlot’ ‘semTools’ ‘shinyAce’
All declared Imports should be used.
Flavors: r-devel-linux-x86_64-fedora-clang, r-devel-linux-x86_64-fedora-gcc, r-patched-solaris-x86, r-release-macos-x86_64, r-oldrel-macos-x86_64