CRAN Package Check Results for Package sensitivity

Last updated on 2020-09-17 02:08:24 CEST.

Flavor Version Tinstall Tcheck Ttotal Status Flags
r-devel-linux-x86_64-debian-clang 1.22.1 123.16 134.03 257.19 OK
r-devel-linux-x86_64-debian-gcc 1.22.1 88.81 98.60 187.41 OK
r-devel-linux-x86_64-fedora-clang 1.22.1 379.44 NOTE
r-devel-linux-x86_64-fedora-gcc 1.22.1 336.15 OK
r-devel-windows-ix86+x86_64 1.22.1 262.00 222.00 484.00 OK
r-patched-linux-x86_64 1.22.1 92.60 127.88 220.48 OK
r-patched-solaris-x86 1.22.1 335.40 OK
r-release-linux-x86_64 1.22.1 93.87 130.04 223.91 OK
r-release-macos-x86_64 1.22.1 OK
r-release-windows-ix86+x86_64 1.22.1 259.00 163.00 422.00 OK
r-oldrel-macos-x86_64 1.22.1 OK
r-oldrel-windows-ix86+x86_64 1.22.1 220.00 200.00 420.00 OK

Check Details

Version: 1.22.1
Check: installed package size
Result: NOTE
     installed size is 5.7Mb
     sub-directories of 1Mb or more:
     R 2.1Mb
     libs 3.3Mb
Flavor: r-devel-linux-x86_64-fedora-clang