CRAN Package Check Results for Package sergeant

Last updated on 2020-09-17 02:08:24 CEST.

Flavor Version Tinstall Tcheck Ttotal Status Flags
r-devel-linux-x86_64-debian-clang 0.9.0 8.09 64.93 73.02 OK
r-devel-linux-x86_64-debian-gcc 0.9.0 7.33 47.33 54.66 OK
r-devel-linux-x86_64-fedora-clang 0.9.0 100.66 NOTE
r-devel-linux-x86_64-fedora-gcc 0.9.0 86.91 NOTE
r-devel-windows-ix86+x86_64 0.9.0 22.00 78.00 100.00 OK
r-patched-linux-x86_64 0.9.0 8.32 61.31 69.63 OK
r-patched-solaris-x86 0.9.0 122.10 NOTE
r-release-linux-x86_64 0.9.0 9.14 62.13 71.27 OK
r-release-macos-x86_64 0.9.0 NOTE
r-release-windows-ix86+x86_64 0.9.0 22.00 78.00 100.00 OK
r-oldrel-macos-x86_64 0.9.0 NOTE
r-oldrel-windows-ix86+x86_64 0.9.0 14.00 89.00 103.00 OK

Check Details

Version: 0.9.0
Check: dependencies in R code
Result: NOTE
    Namespace in Imports field not imported from: ‘magrittr’
     All declared Imports should be used.
Flavors: r-devel-linux-x86_64-fedora-clang, r-devel-linux-x86_64-fedora-gcc, r-patched-solaris-x86, r-release-macos-x86_64, r-oldrel-macos-x86_64