Last updated on 2020-09-17 02:08:24 CEST.
Flavor | Version | Tinstall | Tcheck | Ttotal | Status | Flags |
---|---|---|---|---|---|---|
r-devel-linux-x86_64-debian-clang | 0.1-5 | 11.33 | 91.93 | 103.26 | NOTE | |
r-devel-linux-x86_64-debian-gcc | 0.1-5 | 8.36 | 72.43 | 80.79 | NOTE | |
r-devel-linux-x86_64-fedora-clang | 0.1-5 | 130.99 | NOTE | |||
r-devel-linux-x86_64-fedora-gcc | 0.1-5 | 124.92 | NOTE | |||
r-devel-windows-ix86+x86_64 | 0.1-5 | 23.00 | 124.00 | 147.00 | NOTE | |
r-patched-linux-x86_64 | 0.1-5 | 9.46 | 88.66 | 98.12 | NOTE | |
r-patched-solaris-x86 | 0.1-5 | 179.00 | NOTE | |||
r-release-linux-x86_64 | 0.1-5 | 10.30 | 89.39 | 99.69 | NOTE | |
r-release-macos-x86_64 | 0.1-5 | NOTE | ||||
r-release-windows-ix86+x86_64 | 0.1-5 | 23.00 | 90.00 | 113.00 | NOTE | |
r-oldrel-macos-x86_64 | 0.1-5 | NOTE | ||||
r-oldrel-windows-ix86+x86_64 | 0.1-5 | 13.00 | 119.00 | 132.00 | NOTE |
Version: 0.1-5
Check: R code for possible problems
Result: NOTE
.shapeR.coef.standardize.f: no visible global function definition for
'aov'
.shapeR.find.outline: no visible global function definition for
'locator'
.shapeR.find.outline: no visible global function definition for 'lines'
.shapeR.rotate.svd: no visible global function definition for 'var'
.shapeR.standard.coef: no visible global function definition for 'lm'
.shapeR.variation.among : mean.var: no visible binding for global
variable 'var'
.shapeR.variation.among : mean.var.among: no visible global function
definition for 'var'
cluster.plot : <anonymous>: no visible global function definition for
'sd'
cluster.plot: no visible global function definition for 'points'
cluster.plot: no visible global function definition for 'text'
cluster.plot: no visible global function definition for 'qtukey'
detect.outline: no visible global function definition for
'txtProgressBar'
detect.outline: no visible global function definition for
'setTxtProgressBar'
estimate.outline.reconstruction: no visible global function definition
for 'txtProgressBar'
estimate.outline.reconstruction: no visible global function definition
for 'setTxtProgressBar'
estimate.outline.reconstruction: no visible global function definition
for 'aggregate'
estimate.outline.reconstruction: no visible binding for global variable
'sd'
generateShapeCoefficients: no visible global function definition for
'txtProgressBar'
generateShapeCoefficients: no visible global function definition for
'setTxtProgressBar'
plotFourier: no visible global function definition for 'par'
plotFourier: no visible binding for global variable 'sd'
plotFourier: no visible global function definition for 'lines'
plotFourier: no visible global function definition for 'axis'
plotFourier: no visible global function definition for 'mtext'
plotFourierShape: no visible global function definition for 'lines'
plotFourierShape: no visible global function definition for 'legend'
plotFourierShape: no visible global function definition for 'abline'
plotFourierShape: no visible global function definition for 'text'
plotWavelet: no visible global function definition for 'par'
plotWavelet: no visible binding for global variable 'sd'
plotWavelet: no visible global function definition for 'axis'
plotWavelet: no visible global function definition for 'mtext'
plotWaveletShape: no visible global function definition for 'lines'
plotWaveletShape: no visible global function definition for 'legend'
plotWaveletShape: no visible global function definition for 'abline'
plotWaveletShape: no visible global function definition for 'text'
read.master.list: no visible global function definition for 'read.csv'
shapeR: no visible global function definition for 'read.csv'
show.original.with.outline: no visible global function definition for
'par'
write.image.with.outline: no visible global function definition for
'txtProgressBar'
write.image.with.outline: no visible global function definition for
'par'
write.image.with.outline: no visible global function definition for
'png'
write.image.with.outline: no visible global function definition for
'dev.off'
write.image.with.outline: no visible global function definition for
'setTxtProgressBar'
Undefined global functions or variables:
abline aggregate aov axis dev.off legend lines lm locator mtext par
png points qtukey read.csv sd setTxtProgressBar text txtProgressBar
var
Consider adding
importFrom("grDevices", "dev.off", "png")
importFrom("graphics", "abline", "axis", "legend", "lines", "locator",
"mtext", "par", "points", "text")
importFrom("stats", "aggregate", "aov", "lm", "qtukey", "sd", "var")
importFrom("utils", "read.csv", "setTxtProgressBar", "txtProgressBar")
to your NAMESPACE file.
Flavors: r-devel-linux-x86_64-debian-clang, r-devel-linux-x86_64-debian-gcc, r-devel-linux-x86_64-fedora-clang, r-devel-linux-x86_64-fedora-gcc, r-devel-windows-ix86+x86_64, r-patched-linux-x86_64, r-patched-solaris-x86, r-release-linux-x86_64, r-release-macos-x86_64, r-release-windows-ix86+x86_64, r-oldrel-macos-x86_64, r-oldrel-windows-ix86+x86_64