CRAN Package Check Results for Package shinipsum

Last updated on 2020-09-17 02:08:24 CEST.

Flavor Version Tinstall Tcheck Ttotal Status Flags
r-devel-linux-x86_64-debian-clang 0.1.0 6.66 63.70 70.36 OK
r-devel-linux-x86_64-debian-gcc 0.1.0 5.34 46.64 51.98 OK
r-devel-linux-x86_64-fedora-clang 0.1.0 92.69 NOTE
r-devel-linux-x86_64-fedora-gcc 0.1.0 83.33 NOTE
r-devel-windows-ix86+x86_64 0.1.0 15.00 74.00 89.00 OK
r-patched-linux-x86_64 0.1.0 6.81 62.21 69.02 OK
r-patched-solaris-x86 0.1.0 122.10 NOTE
r-release-linux-x86_64 0.1.0 6.29 64.12 70.41 OK
r-release-macos-x86_64 0.1.0 NOTE
r-release-windows-ix86+x86_64 0.1.0 15.00 93.00 108.00 OK
r-oldrel-macos-x86_64 0.1.0 NOTE
r-oldrel-windows-ix86+x86_64 0.1.0 18.00 90.00 108.00 OK

Check Details

Version: 0.1.0
Check: dependencies in R code
Result: NOTE
    Namespace in Imports field not imported from: ‘utils’
     All declared Imports should be used.
Flavors: r-devel-linux-x86_64-fedora-clang, r-devel-linux-x86_64-fedora-gcc, r-patched-solaris-x86, r-release-macos-x86_64, r-oldrel-macos-x86_64