CRAN Package Check Results for Package sigmajs

Last updated on 2020-09-17 02:08:25 CEST.

Flavor Version Tinstall Tcheck Ttotal Status Flags
r-devel-linux-x86_64-debian-clang 0.1.5 4.32 50.70 55.02 OK
r-devel-linux-x86_64-debian-gcc 0.1.5 3.53 38.43 41.96 OK
r-devel-linux-x86_64-fedora-clang 0.1.5 76.27 NOTE
r-devel-linux-x86_64-fedora-gcc 0.1.5 66.39 NOTE
r-devel-windows-ix86+x86_64 0.1.5 12.00 65.00 77.00 OK
r-patched-linux-x86_64 0.1.5 4.05 50.07 54.12 OK
r-patched-solaris-x86 0.1.5 94.70 NOTE
r-release-linux-x86_64 0.1.5 5.04 49.87 54.91 OK
r-release-macos-x86_64 0.1.5 NOTE
r-release-windows-ix86+x86_64 0.1.5 14.00 81.00 95.00 OK
r-oldrel-macos-x86_64 0.1.5 NOTE
r-oldrel-windows-ix86+x86_64 0.1.5 6.00 73.00 79.00 OK

Check Details

Version: 0.1.5
Check: data for non-ASCII characters
Result: NOTE
     Note: found 28 marked UTF-8 strings
Flavors: r-devel-linux-x86_64-fedora-clang, r-devel-linux-x86_64-fedora-gcc, r-patched-solaris-x86, r-release-macos-x86_64, r-oldrel-macos-x86_64