Last updated on 2020-09-17 02:08:25 CEST.
Flavor | Version | Tinstall | Tcheck | Ttotal | Status | Flags |
---|---|---|---|---|---|---|
r-devel-linux-x86_64-debian-clang | 0.2.1 | 96.49 | 110.42 | 206.91 | OK | |
r-devel-linux-x86_64-debian-gcc | 0.2.1 | 80.24 | 83.04 | 163.28 | OK | |
r-devel-linux-x86_64-fedora-clang | 0.2.1 | 295.94 | NOTE | |||
r-devel-linux-x86_64-fedora-gcc | 0.2.1 | 271.44 | OK | |||
r-devel-windows-ix86+x86_64 | 0.2.1 | 216.00 | 169.00 | 385.00 | OK | |
r-patched-linux-x86_64 | 0.2.1 | 80.54 | 106.25 | 186.79 | OK | |
r-patched-solaris-x86 | 0.2.1 | 320.80 | OK | |||
r-release-linux-x86_64 | 0.2.1 | 79.49 | 109.21 | 188.70 | OK | |
r-release-macos-x86_64 | 0.2.1 | NOTE | ||||
r-release-windows-ix86+x86_64 | 0.2.1 | 222.00 | 154.00 | 376.00 | OK | |
r-oldrel-macos-x86_64 | 0.2.1 | NOTE | ||||
r-oldrel-windows-ix86+x86_64 | 0.2.1 | 211.00 | 198.00 | 409.00 | OK |
Version: 0.2.1
Check: installed package size
Result: NOTE
installed size is 9.0Mb
sub-directories of 1Mb or more:
libs 8.8Mb
Flavors: r-devel-linux-x86_64-fedora-clang, r-release-macos-x86_64, r-oldrel-macos-x86_64