Last updated on 2020-09-17 02:08:25 CEST.
Flavor | Version | Tinstall | Tcheck | Ttotal | Status | Flags |
---|---|---|---|---|---|---|
r-devel-linux-x86_64-debian-clang | 2.8.4 | 23.60 | 454.76 | 478.36 | OK | |
r-devel-linux-x86_64-debian-gcc | 2.8.4 | 21.22 | 337.12 | 358.34 | OK | |
r-devel-linux-x86_64-fedora-clang | 2.8.4 | 590.34 | NOTE | |||
r-devel-linux-x86_64-fedora-gcc | 2.8.4 | 593.12 | OK | |||
r-devel-windows-ix86+x86_64 | 2.8.4 | 48.00 | 534.00 | 582.00 | OK | |
r-patched-linux-x86_64 | 2.8.4 | 24.36 | 436.34 | 460.70 | OK | |
r-patched-solaris-x86 | 2.8.4 | 678.50 | OK | |||
r-release-linux-x86_64 | 2.8.4 | 25.70 | 449.18 | 474.88 | OK | |
r-release-macos-x86_64 | 2.8.4 | OK | ||||
r-release-windows-ix86+x86_64 | 2.8.4 | 51.00 | 545.00 | 596.00 | OK | |
r-oldrel-macos-x86_64 | 2.8.4 | OK | ||||
r-oldrel-windows-ix86+x86_64 | 2.8.4 | 46.00 | 514.00 | 560.00 | OK |
Version: 2.8.4
Check: Rd cross-references
Result: NOTE
Undeclared packages ‘tidyselect’, ‘RColorBrewer’, ‘modelr’, ‘snakecase’ in Rd xrefs
Flavor: r-devel-linux-x86_64-fedora-clang