Last updated on 2020-09-17 02:08:26 CEST.
Flavor | Version | Tinstall | Tcheck | Ttotal | Status | Flags |
---|---|---|---|---|---|---|
r-devel-linux-x86_64-debian-clang | 0.2.2 | 83.27 | 142.50 | 225.77 | OK | |
r-devel-linux-x86_64-debian-gcc | 0.2.2 | 72.78 | 107.31 | 180.09 | OK | |
r-devel-linux-x86_64-fedora-clang | 0.2.2 | 323.96 | NOTE | |||
r-devel-linux-x86_64-fedora-gcc | 0.2.2 | 295.20 | OK | |||
r-devel-windows-ix86+x86_64 | 0.2.2 | 184.00 | 182.00 | 366.00 | OK | |
r-patched-linux-x86_64 | 0.2.2 | 75.61 | 138.65 | 214.26 | OK | |
r-patched-solaris-x86 | 0.2.2 | 338.80 | OK | |||
r-release-linux-x86_64 | 0.2.2 | 77.83 | 140.47 | 218.30 | OK | |
r-release-macos-x86_64 | 0.2.2 | NOTE | ||||
r-release-windows-ix86+x86_64 | 0.2.2 | 183.00 | 170.00 | 353.00 | OK | |
r-oldrel-macos-x86_64 | 0.2.2 | NOTE | ||||
r-oldrel-windows-ix86+x86_64 | 0.2.2 | 126.00 | 214.00 | 340.00 | OK |
Version: 0.2.2
Check: installed package size
Result: NOTE
installed size is 23.1Mb
sub-directories of 1Mb or more:
libs 22.7Mb
Flavors: r-devel-linux-x86_64-fedora-clang, r-release-macos-x86_64, r-oldrel-macos-x86_64