CRAN Package Check Results for Package sparcl

Last updated on 2020-09-17 02:08:25 CEST.

Flavor Version Tinstall Tcheck Ttotal Status Flags
r-devel-linux-x86_64-debian-clang 1.0.4 2.69 30.47 33.16 OK
r-devel-linux-x86_64-debian-gcc 1.0.4 2.56 22.48 25.04 OK
r-devel-linux-x86_64-fedora-clang 1.0.4 52.21 NOTE
r-devel-linux-x86_64-fedora-gcc 1.0.4 40.07 NOTE
r-devel-windows-ix86+x86_64 1.0.4 12.00 58.00 70.00 OK
r-patched-linux-x86_64 1.0.4 2.85 30.46 33.31 OK
r-patched-solaris-x86 1.0.4 72.70 OK
r-release-linux-x86_64 1.0.4 3.22 30.87 34.09 OK
r-release-macos-x86_64 1.0.4 OK
r-release-windows-ix86+x86_64 1.0.4 8.00 72.00 80.00 OK
r-oldrel-macos-x86_64 1.0.4 OK
r-oldrel-windows-ix86+x86_64 1.0.4 8.00 82.00 90.00 OK

Check Details

Version: 1.0.4
Check: compiled code
Result: NOTE
    File ‘sparcl/libs/sparcl.so’:
     Found no calls to: ‘R_registerRoutines’, ‘R_useDynamicSymbols’
    
    It is good practice to register native routines and to disable symbol
    search.
    
    See ‘Writing portable packages’ in the ‘Writing R Extensions’ manual.
Flavors: r-devel-linux-x86_64-fedora-clang, r-devel-linux-x86_64-fedora-gcc