CRAN Package Check Results for Package spcov

Last updated on 2020-09-17 02:08:26 CEST.

Flavor Version Tinstall Tcheck Ttotal Status Flags
r-devel-linux-x86_64-debian-clang 1.01 1.92 26.62 28.54 NOTE
r-devel-linux-x86_64-debian-gcc 1.01 1.56 20.81 22.37 NOTE
r-devel-linux-x86_64-fedora-clang 1.01 45.97 NOTE
r-devel-linux-x86_64-fedora-gcc 1.01 34.08 NOTE
r-devel-windows-ix86+x86_64 1.01 4.00 41.00 45.00 NOTE
r-patched-linux-x86_64 1.01 1.97 26.23 28.20 NOTE
r-patched-solaris-x86 1.01 56.00 NOTE
r-release-linux-x86_64 1.01 2.14 26.36 28.50 NOTE
r-release-macos-x86_64 1.01 NOTE
r-release-windows-ix86+x86_64 1.01 5.00 47.00 52.00 NOTE
r-oldrel-macos-x86_64 1.01 NOTE
r-oldrel-windows-ix86+x86_64 1.01 5.00 44.00 49.00 NOTE

Check Details

Version: 1.01
Check: R code for possible problems
Result: NOTE
    GenerateCliquesCovariance: no visible global function definition for
     'rnorm'
    Undefined global functions or variables:
     rnorm
    Consider adding
     importFrom("stats", "rnorm")
    to your NAMESPACE file.
Flavors: r-devel-linux-x86_64-debian-clang, r-devel-linux-x86_64-debian-gcc, r-devel-linux-x86_64-fedora-clang, r-devel-linux-x86_64-fedora-gcc, r-devel-windows-ix86+x86_64, r-patched-linux-x86_64, r-patched-solaris-x86, r-release-linux-x86_64, r-release-macos-x86_64, r-release-windows-ix86+x86_64, r-oldrel-macos-x86_64, r-oldrel-windows-ix86+x86_64