CRAN Package Check Results for Package spdep

Last updated on 2020-09-17 02:08:26 CEST.

Flavor Version Tinstall Tcheck Ttotal Status Flags
r-devel-linux-x86_64-debian-clang 1.1-5 44.37 307.63 352.00 OK
r-devel-linux-x86_64-debian-gcc 1.1-5 36.00 230.58 266.58 OK
r-devel-linux-x86_64-fedora-clang 1.1-5 473.49 NOTE
r-devel-linux-x86_64-fedora-gcc 1.1-5 383.91 OK
r-devel-windows-ix86+x86_64 1.1-5 95.00 519.00 614.00 NOTE
r-patched-linux-x86_64 1.1-5 42.11 301.56 343.67 OK
r-patched-solaris-x86 1.1-5 538.60 NOTE
r-release-linux-x86_64 1.1-5 41.22 305.52 346.74 OK
r-release-macos-x86_64 1.1-5 NOTE
r-release-windows-ix86+x86_64 1.1-5 96.00 517.00 613.00 NOTE
r-oldrel-macos-x86_64 1.1-5 NOTE
r-oldrel-windows-ix86+x86_64 1.1-5 76.00 541.00 617.00 NOTE

Check Details

Version: 1.1-5
Check: installed package size
Result: NOTE
     installed size is 7.5Mb
     sub-directories of 1Mb or more:
     R 1.2Mb
     doc 5.1Mb
Flavors: r-devel-linux-x86_64-fedora-clang, r-devel-windows-ix86+x86_64, r-patched-solaris-x86, r-release-macos-x86_64, r-release-windows-ix86+x86_64, r-oldrel-macos-x86_64, r-oldrel-windows-ix86+x86_64