Last updated on 2020-09-17 02:08:26 CEST.
Flavor | Version | Tinstall | Tcheck | Ttotal | Status | Flags |
---|---|---|---|---|---|---|
r-devel-linux-x86_64-debian-clang | 0.1.4 | 6.22 | 52.69 | 58.91 | OK | |
r-devel-linux-x86_64-debian-gcc | 0.1.4 | 5.51 | 41.67 | 47.18 | OK | |
r-devel-linux-x86_64-fedora-clang | 0.1.4 | 86.92 | OK | |||
r-devel-linux-x86_64-fedora-gcc | 0.1.4 | 74.01 | OK | |||
r-devel-windows-ix86+x86_64 | 0.1.4 | 15.00 | 56.00 | 71.00 | OK | |
r-patched-linux-x86_64 | 0.1.4 | 7.46 | 52.20 | 59.66 | OK | |
r-patched-solaris-x86 | 0.1.4 | 104.90 | OK | |||
r-release-linux-x86_64 | 0.1.4 | 6.92 | 52.62 | 59.54 | OK | |
r-release-macos-x86_64 | 0.1.4 | OK | ||||
r-release-windows-ix86+x86_64 | 0.1.4 | 14.00 | 58.00 | 72.00 | OK | |
r-oldrel-macos-x86_64 | 0.1.4 | WARN | ||||
r-oldrel-windows-ix86+x86_64 | 0.1.4 | 15.00 | 72.00 | 87.00 | OK |
Version: 0.1.4
Check: whether package can be installed
Result: WARN
Found the following significant warnings:
Warning: 'rgl.init' failed, running with 'rgl.useNULL = TRUE'.
Flavor: r-oldrel-macos-x86_64