Last updated on 2020-09-17 02:08:26 CEST.
Flavor | Version | Tinstall | Tcheck | Ttotal | Status | Flags |
---|---|---|---|---|---|---|
r-devel-linux-x86_64-debian-clang | 1.0.0 | 15.02 | 109.84 | 124.86 | OK | |
r-devel-linux-x86_64-debian-gcc | 1.0.0 | 12.00 | 81.91 | 93.91 | OK | |
r-devel-linux-x86_64-fedora-clang | 1.0.0 | 166.08 | NOTE | |||
r-devel-linux-x86_64-fedora-gcc | 1.0.0 | 150.16 | NOTE | |||
r-devel-windows-ix86+x86_64 | 1.0.0 | 27.00 | 140.00 | 167.00 | OK | |
r-patched-linux-x86_64 | 1.0.0 | 15.30 | 106.87 | 122.17 | OK | |
r-patched-solaris-x86 | 1.0.0 | 186.60 | NOTE | |||
r-release-linux-x86_64 | 1.0.0 | 14.37 | 107.35 | 121.72 | OK | |
r-release-macos-x86_64 | 1.0.0 | NOTE | ||||
r-release-windows-ix86+x86_64 | 1.0.0 | 26.00 | 156.00 | 182.00 | OK | |
r-oldrel-macos-x86_64 | 1.0.0 | NOTE | ||||
r-oldrel-windows-ix86+x86_64 | 1.0.0 | 27.00 | 137.00 | 164.00 | OK |
Version: 1.0.0
Check: dependencies in R code
Result: NOTE
Namespace in Imports field not imported from: ‘shinydashboard’
All declared Imports should be used.
Flavors: r-devel-linux-x86_64-fedora-clang, r-devel-linux-x86_64-fedora-gcc, r-patched-solaris-x86, r-release-macos-x86_64, r-oldrel-macos-x86_64