CRAN Package Check Results for Package starvars

Last updated on 2020-09-17 02:08:26 CEST.

Flavor Version Tinstall Tcheck Ttotal Status Flags
r-devel-linux-x86_64-debian-clang 0.1.8 17.99 141.19 159.18 OK
r-devel-linux-x86_64-debian-gcc 0.1.8 13.91 100.45 114.36 ERROR
r-devel-linux-x86_64-fedora-clang 0.1.8 204.93 ERROR
r-devel-linux-x86_64-fedora-gcc 0.1.8 187.93 ERROR
r-devel-windows-ix86+x86_64 0.1.8 40.00 183.00 223.00 OK
r-patched-linux-x86_64 0.1.8 17.06 129.49 146.55 ERROR
r-patched-solaris-x86 0.1.8 259.20 ERROR
r-release-linux-x86_64 0.1.8 17.21 136.59 153.80 OK
r-release-macos-x86_64 0.1.8 NOTE
r-release-windows-ix86+x86_64 0.1.8 42.00 176.00 218.00 OK
r-oldrel-macos-x86_64 0.1.8 NOTE
r-oldrel-windows-ix86+x86_64 0.1.8 36.00 180.00 216.00 OK

Check Details

Version: 0.1.8
Check: whether package can be installed
Result: WARN
    Found the following significant warnings:
     Note: possible error in 'rCov(rdata = data[as.character(days[k])], ': unused argument (rdata = data[as.character(days[k])])
    See ‘/home/hornik/tmp/R.check/r-devel-gcc/Work/PKGS/starvars.Rcheck/00install.out’ for details.
    Information on the location(s) of code generating the ‘Note’s can be
    obtained by re-running with environment variable R_KEEP_PKG_SOURCE set
    to ‘yes’.
Flavor: r-devel-linux-x86_64-debian-gcc

Version: 0.1.8
Check: R code for possible problems
Result: NOTE
    rcov: possible error in rCov(rdata = data[as.character(days[k])],
     makeReturns = TRUE): unused argument (rdata =
     data[as.character(days[k])])
    rcov: possible error in rCov(rdata = data[as.character(days[k])],
     makeReturns = FALSE): unused argument (rdata =
     data[as.character(days[k])])
Flavors: r-devel-linux-x86_64-debian-gcc, r-devel-linux-x86_64-fedora-clang, r-devel-linux-x86_64-fedora-gcc, r-patched-linux-x86_64, r-patched-solaris-x86

Version: 0.1.8
Check: examples
Result: ERROR
    Running examples in ‘starvars-Ex.R’ failed
    The error most likely occurred in:
    
    > base::assign(".ptime", proc.time(), pos = "CheckExEnv")
    > ### Name: rcov
    > ### Title: Realized Covariance
    > ### Aliases: rcov
    >
    > ### ** Examples
    >
    > require(highfrequency)
    Loading required package: highfrequency
    >
    > data(sample_5minprices_jumps)
    Warning in data(sample_5minprices_jumps) :
     data set ‘sample_5minprices_jumps’ not found
    >
    > rc <- rcov(sample_5minprices_jumps, freq = 'daily', cholesky = TRUE, make.ret = TRUE)
    Error in is(data, "xts") : object 'sample_5minprices_jumps' not found
    Calls: rcov -> is
    Execution halted
Flavors: r-devel-linux-x86_64-debian-gcc, r-patched-linux-x86_64

Version: 0.1.8
Check: whether package can be installed
Result: WARN
    Found the following significant warnings:
     Note: possible error in 'rCov(rdata = data[as.character(days[k])], ': unused argument (rdata = data[as.character(days[k])])
    See ‘/data/gannet/ripley/R/packages/tests-clang/starvars.Rcheck/00install.out’ for details.
    Information on the location(s) of code generating the ‘Note’s can be
    obtained by re-running with environment variable R_KEEP_PKG_SOURCE set
    to ‘yes’.
Flavor: r-devel-linux-x86_64-fedora-clang

Version: 0.1.8
Check: dependencies in R code
Result: NOTE
    Namespaces in Imports field not imported from:
     ‘R.utils’ ‘nloptr’ ‘stats4’
     All declared Imports should be used.
Flavors: r-devel-linux-x86_64-fedora-clang, r-devel-linux-x86_64-fedora-gcc, r-patched-solaris-x86, r-release-macos-x86_64, r-oldrel-macos-x86_64

Version: 0.1.8
Check: examples
Result: ERROR
    Running examples in ‘starvars-Ex.R’ failed
    The error most likely occurred in:
    
    > ### Name: rcov
    > ### Title: Realized Covariance
    > ### Aliases: rcov
    >
    > ### ** Examples
    >
    > require(highfrequency)
    Loading required package: highfrequency
    >
    > data(sample_5minprices_jumps)
    Warning in data(sample_5minprices_jumps) :
     data set ‘sample_5minprices_jumps’ not found
    >
    > rc <- rcov(sample_5minprices_jumps, freq = 'daily', cholesky = TRUE, make.ret = TRUE)
    Error in is(data, "xts") : object 'sample_5minprices_jumps' not found
    Calls: rcov -> is
    Execution halted
Flavors: r-devel-linux-x86_64-fedora-clang, r-devel-linux-x86_64-fedora-gcc, r-patched-solaris-x86

Version: 0.1.8
Check: whether package can be installed
Result: WARN
    Found the following significant warnings:
     Note: possible error in 'rCov(rdata = data[as.character(days[k])], ': unused argument (rdata = data[as.character(days[k])])
    See ‘/data/gannet/ripley/R/packages/tests-devel/starvars.Rcheck/00install.out’ for details.
    Information on the location(s) of code generating the ‘Note’s can be
    obtained by re-running with environment variable R_KEEP_PKG_SOURCE set
    to ‘yes’.
Flavor: r-devel-linux-x86_64-fedora-gcc

Version: 0.1.8
Check: whether package can be installed
Result: WARN
    Found the following significant warnings:
     Note: possible error in 'rCov(rdata = data[as.character(days[k])], ': unused argument (rdata = data[as.character(days[k])])
    See ‘/home/hornik/tmp/R.check/r-patched-gcc/Work/PKGS/starvars.Rcheck/00install.out’ for details.
    Information on the location(s) of code generating the ‘Note’s can be
    obtained by re-running with environment variable R_KEEP_PKG_SOURCE set
    to ‘yes’.
Flavor: r-patched-linux-x86_64

Version: 0.1.8
Check: whether package can be installed
Result: WARN
    Found the following significant warnings:
     Note: possible error in 'rCov(rdata = data[as.character(days[k])], ': unused argument (rdata = data[as.character(days[k])])
    See ‘/home/ripley/R/packages/tests32/starvars.Rcheck/00install.out’ for details.
    Information on the location(s) of code generating the ‘Note’s can be
    obtained by re-running with environment variable R_KEEP_PKG_SOURCE set
    to ‘yes’.
Flavor: r-patched-solaris-x86