Last updated on 2020-09-17 02:08:26 CEST.
Flavor | Version | Tinstall | Tcheck | Ttotal | Status | Flags |
---|---|---|---|---|---|---|
r-devel-linux-x86_64-debian-clang | 0.5.0 | 29.57 | 318.23 | 347.80 | OK | |
r-devel-linux-x86_64-debian-gcc | 0.5.0 | 25.89 | 242.00 | 267.89 | OK | |
r-devel-linux-x86_64-fedora-clang | 0.5.0 | 457.14 | NOTE | |||
r-devel-linux-x86_64-fedora-gcc | 0.5.0 | 444.84 | OK | |||
r-devel-windows-ix86+x86_64 | 0.4.2 | 75.00 | 261.00 | 336.00 | OK | |
r-patched-linux-x86_64 | 0.5.0 | 26.45 | 312.72 | 339.17 | OK | |
r-patched-solaris-x86 | 0.5.0 | 574.70 | OK | |||
r-release-linux-x86_64 | 0.5.0 | 30.30 | 312.00 | 342.30 | OK | |
r-release-macos-x86_64 | 0.5.0 | OK | ||||
r-release-windows-ix86+x86_64 | 0.5.0 | 73.00 | 397.00 | 470.00 | OK | |
r-oldrel-macos-x86_64 | 0.5.0 | OK | ||||
r-oldrel-windows-ix86+x86_64 | 0.5.0 | 64.00 | 366.00 | 430.00 | OK |
Version: 0.5.0
Check: Rd cross-references
Result: NOTE
Undeclared packages ‘parameters’, ‘metaBMA’ in Rd xrefs
Flavor: r-devel-linux-x86_64-fedora-clang