Last updated on 2020-09-17 02:08:26 CEST.
Flavor | Version | Tinstall | Tcheck | Ttotal | Status | Flags |
---|---|---|---|---|---|---|
r-devel-linux-x86_64-debian-clang | 0.1.2 | 22.62 | 154.54 | 177.16 | OK | |
r-devel-linux-x86_64-debian-gcc | 0.1.2 | 20.61 | 119.48 | 140.09 | OK | |
r-devel-linux-x86_64-fedora-clang | 0.1.2 | 234.50 | NOTE | |||
r-devel-linux-x86_64-fedora-gcc | 0.1.2 | 224.93 | OK | |||
r-devel-windows-ix86+x86_64 | 0.1.2 | 114.00 | 114.00 | 228.00 | NOTE | |
r-patched-linux-x86_64 | 0.1.2 | 22.67 | 153.91 | 176.58 | OK | |
r-patched-solaris-x86 | 0.1.2 | 283.60 | NOTE | |||
r-release-linux-x86_64 | 0.1.2 | 23.06 | 156.79 | 179.85 | OK | |
r-release-macos-x86_64 | 0.1.2 | NOTE | ||||
r-release-windows-ix86+x86_64 | 0.1.2 | 109.00 | 145.00 | 254.00 | NOTE | |
r-oldrel-macos-x86_64 | 0.1.2 | NOTE | ||||
r-oldrel-windows-ix86+x86_64 | 0.1.2 | 103.00 | 140.00 | 243.00 | NOTE |
Version: 0.1.2
Check: installed package size
Result: NOTE
installed size is 12.3Mb
sub-directories of 1Mb or more:
libs 11.6Mb
Flavors: r-devel-linux-x86_64-fedora-clang, r-devel-windows-ix86+x86_64, r-patched-solaris-x86, r-release-macos-x86_64, r-release-windows-ix86+x86_64, r-oldrel-macos-x86_64, r-oldrel-windows-ix86+x86_64