CRAN Package Check Results for Package stormwindmodel

Last updated on 2020-09-17 02:08:26 CEST.

Flavor Version Tinstall Tcheck Ttotal Status Flags
r-devel-linux-x86_64-debian-clang 0.1.4 5.54 258.30 263.84 OK
r-devel-linux-x86_64-debian-gcc 0.1.4 4.07 186.30 190.37 OK
r-devel-linux-x86_64-fedora-clang 0.1.4 319.26 OK
r-devel-linux-x86_64-fedora-gcc 0.1.4 300.94 OK
r-devel-windows-ix86+x86_64 0.1.4 12.00 239.00 251.00 OK
r-patched-linux-x86_64 0.1.4 5.30 250.11 255.41 OK
r-patched-solaris-x86 0.1.4 427.50 OK
r-release-linux-x86_64 0.1.4 5.01 246.21 251.22 OK
r-release-macos-x86_64 0.1.4 OK
r-release-windows-ix86+x86_64 0.1.4 11.00 315.00 326.00 OK
r-oldrel-macos-x86_64 0.1.4 ERROR
r-oldrel-windows-ix86+x86_64 0.1.3 9.00 287.00 296.00 WARN

Check Details

Version: 0.1.4
Check: whether package can be installed
Result: ERROR
    Installation failed.
Flavor: r-oldrel-macos-x86_64

Version: 0.1.3
Check: re-building of vignette outputs
Result: WARN
    Error(s) in re-building vignettes:
    --- re-building 'Details.Rmd' using rmarkdown
    
    Attaching package: 'dplyr'
    
    The following objects are masked from 'package:stats':
    
     filter, lag
    
    The following objects are masked from 'package:base':
    
     intersect, setdiff, setequal, union
    
    
    Attaching package: 'gridExtra'
    
    The following object is masked from 'package:dplyr':
    
     combine
    
    Linking to GEOS 3.8.0, GDAL 3.0.4, PROJ 6.3.1
    Warning: Removed 1 row(s) containing missing values (geom_path).
    --- finished re-building 'Details.Rmd'
    
    --- re-building 'Overview.Rmd' using rmarkdown
    
    Attaching package: 'dplyr'
    
    The following objects are masked from 'package:stats':
    
     filter, lag
    
    The following objects are masked from 'package:base':
    
     intersect, setdiff, setequal, union
    
    To enable
    caching of data, set `options(tigris_use_cache = TRUE)` in your R script or .Rprofile.
    Loading required package: sp
    rgeos version: 0.5-3, (SVN revision 634)
     GEOS runtime version: 3.8.0-CAPI-1.13.1
     Linking to sp version: 1.4-2
     Polygon checking: TRUE
    
    Quitting from lines 105-108 (Overview.Rmd)
    Error: processing vignette 'Overview.Rmd' failed with diagnostics:
    no slot of name "proj4string" for this object of class "sf"
    --- failed re-building 'Overview.Rmd'
    
    SUMMARY: processing the following file failed:
     'Overview.Rmd'
    
    Error: Vignette re-building failed.
    Execution halted
Flavor: r-oldrel-windows-ix86+x86_64