CRAN Package Check Results for Package strucchange

Last updated on 2020-09-17 02:08:26 CEST.

Flavor Version Tinstall Tcheck Ttotal Status Flags
r-devel-linux-x86_64-debian-clang 1.5-2 9.50 100.45 109.95 NOTE
r-devel-linux-x86_64-debian-gcc 1.5-2 7.82 74.16 81.98 NOTE
r-devel-linux-x86_64-fedora-clang 1.5-2 144.95 NOTE
r-devel-linux-x86_64-fedora-gcc 1.5-2 127.69 NOTE
r-devel-windows-ix86+x86_64 1.5-2 20.00 174.00 194.00 NOTE
r-patched-linux-x86_64 1.5-2 9.62 96.90 106.52 NOTE
r-patched-solaris-x86 1.5-2 162.90 NOTE
r-release-linux-x86_64 1.5-2 10.27 98.03 108.30 NOTE
r-release-macos-x86_64 1.5-2 NOTE
r-release-windows-ix86+x86_64 1.5-2 19.00 176.00 195.00 NOTE
r-oldrel-macos-x86_64 1.5-2 NOTE
r-oldrel-windows-ix86+x86_64 1.5-2 11.00 165.00 176.00 NOTE

Additional issues

rchk

Check Details

Version: 1.5-2
Check: R code for possible problems
Result: NOTE
    efpFunctional: multiple local function definitions for 'plotProcess'
     with different formal arguments
    mefp.efp: multiple local function definitions for 'computeEmpProc' with
     different formal arguments
Flavors: r-devel-linux-x86_64-debian-clang, r-devel-linux-x86_64-debian-gcc, r-devel-linux-x86_64-fedora-clang, r-devel-linux-x86_64-fedora-gcc, r-devel-windows-ix86+x86_64, r-patched-linux-x86_64, r-patched-solaris-x86, r-release-linux-x86_64, r-release-macos-x86_64, r-release-windows-ix86+x86_64, r-oldrel-macos-x86_64, r-oldrel-windows-ix86+x86_64